{"id":10555,"date":"2026-02-19T18:57:24","date_gmt":"2026-02-19T17:57:24","guid":{"rendered":"https:\/\/www.creasdecocci.fr\/?post_type=product&#038;p=10555"},"modified":"2026-03-27T23:11:11","modified_gmt":"2026-03-27T22:11:11","slug":"bijoux-de-sac-acier-inox-personnalisable","status":"publish","type":"product","link":"https:\/\/www.creasdecocci.fr\/index.php\/produit\/bijoux-de-sac-acier-inox-personnalisable\/","title":{"rendered":"Bijoux de sac acier inox personnalisable"},"content":{"rendered":"\t\t<div data-elementor-type=\"wp-post\" data-elementor-id=\"10555\" class=\"elementor elementor-10555\">\n\t\t\t\t\t\t<section class=\"elementor-section elementor-top-section elementor-element elementor-element-5170cd96 elementor-section-boxed elementor-section-height-default elementor-section-height-default\" data-id=\"5170cd96\" data-element_type=\"section\" data-e-type=\"section\">\n\t\t\t\t\t\t<div class=\"elementor-container elementor-column-gap-default\">\n\t\t\t\t\t<div class=\"elementor-column elementor-col-100 elementor-top-column elementor-element elementor-element-72a23724\" data-id=\"72a23724\" data-element_type=\"column\" data-e-type=\"column\">\n\t\t\t<div class=\"elementor-widget-wrap elementor-element-populated\">\n\t\t\t\t\t\t<div class=\"elementor-element elementor-element-dc6c6e2 elementor-widget elementor-widget-text-editor\" data-id=\"dc6c6e2\" data-element_type=\"widget\" data-e-type=\"widget\" data-widget_type=\"text-editor.default\">\n\t\t\t\t<div class=\"elementor-widget-container\">\n\t\t\t\t\t\t\t\t\t<p>Bijoux de sac acier inox personnalisable<\/p><p>Apportez une touche d\u2019\u00e9l\u00e9gance \u00e0 votre sac avec ce bijoux\u00a0de sac acier inox personnalisable d\u00e9licat, enti\u00e8rement r\u00e9alis\u00e9 \u00e0 la main dans mon atelier.<\/p><p>Chaque mod\u00e8le est une cr\u00e9ation unique, compos\u00e9e d\u2019un m\u00e9lange harmonieux de perles naturelles. Soigneusement s\u00e9lectionn\u00e9es pour leurs couleurs et leurs \u00e9nergies. Mont\u00e9 sur de l&rsquo;acier inoxydable, il habille votre sac tout en refl\u00e9tant votre personnalit\u00e9.<\/p><p>Un bijou \u00e0 la fois esth\u00e9tique et symbolique<br \/>Chaque association de couleurs est pens\u00e9e pour cr\u00e9er une ambiance particuli\u00e8re, sublim\u00e9e par des pierres naturelles aux nuances profondes et authentiques.<\/p><p>Les mod\u00e8les disponibles :<\/p><ul><li>bleu : amazonite et lapis lazuli &#8211; facilite la confiance et la gestion du stress<\/li><li>violet : am\u00e9thyste et labradorite &#8211; anxi\u00e9t\u00e9 et protection<\/li><li>rose : quartz rose et cristal de roche &#8211; estime de soi, amour<\/li><\/ul><p>\u00a0<\/p><p>Vous pouvez me donner une phrase \u00e0 graver au dos, pour un souvenir inoubliable.<\/p><ul><li>D\u00e9tails :<br \/>\u2022 Perles naturelles (chaque pierre est unique, de l\u00e9g\u00e8res variations peuvent exister)<br \/>\u2022 acier inoxydable<br \/>\u2022 Attache pratique<br \/>\u2022 L\u00e9ger et agr\u00e9able \u00e0 porter au quotidien<\/li><li>\u00a0<\/li><li>\u00a0Pourquoi on l\u2019aime ?<br \/>Parce qu\u2019il transforme un objet du quotidien en accessoire \u00e9l\u00e9gant, tout en apportant une petite touche personnelle et symbolique.<\/li><\/ul>\t\t\t\t\t\t\t\t<\/div>\n\t\t\t\t<\/div>\n\t\t\t\t\t<\/div>\n\t\t<\/div>\n\t\t\t\t\t<\/div>\n\t\t<\/section>\n\t\t\t\t<\/div>\n\t\t","protected":false},"excerpt":{"rendered":"<p>Bijoux de sac acier inox personnalisable Apportez une touche d\u2019\u00e9l\u00e9gance \u00e0 votre sac avec ce bijoux\u00a0de sac acier inox personnalisable d\u00e9licat, enti\u00e8rement r\u00e9alis\u00e9 \u00e0 la main dans mon atelier. Chaque mod\u00e8le est une cr\u00e9ation unique, compos\u00e9e d\u2019un m\u00e9lange harmonieux de perles naturelles. Soigneusement s\u00e9lectionn\u00e9es pour leurs couleurs et leurs \u00e9nergies. Mont\u00e9 sur de l&rsquo;acier inoxydable, il habille votre sac tout en refl\u00e9tant votre personnalit\u00e9. Un bijou \u00e0 la fois esth\u00e9tique et symbolique Chaque association de couleurs est pens\u00e9e pour cr\u00e9er une ambiance particuli\u00e8re, sublim\u00e9e par des pierres naturelles aux nuances profondes et authentiques. Les mod\u00e8les disponibles : bleu : amazonite et lapis lazuli &#8211; facilite la confiance et la gestion du stress violet : am\u00e9thyste et labradorite &#8211; anxi\u00e9t\u00e9 et protection rose : quartz rose et cristal de roche &#8211; estime de soi, amour Vous pouvez me donner une phrase \u00e0 graver au dos, pour un souvenir inoubliable. D\u00e9tails : \u2022 Perles naturelles (chaque pierre est unique, de l\u00e9g\u00e8res variations peuvent exister) \u2022 acier inoxydable \u2022 Attache pratique \u2022 L\u00e9ger et agr\u00e9able \u00e0 porter au quotidien \u00a0Pourquoi on l\u2019aime ? Parce qu\u2019il transforme un objet du quotidien en accessoire \u00e9l\u00e9gant, tout en apportant une petite touche personnelle et symbolique.<\/p>\n","protected":false},"featured_media":10388,"template":"","meta":[],"product_brand":[],"product_cat":[23,610],"product_tag":[632,476],"class_list":{"0":"post-10555","1":"product","2":"type-product","3":"status-publish","4":"has-post-thumbnail","6":"product_cat-bijoux","7":"product_cat-bijoux-de-sac-telephpone","8":"product_tag-bijoux-sac","9":"product_tag-decoration","11":"first","12":"instock","13":"shipping-taxable","14":"purchasable","15":"product-type-variable"},"yoast_head":"<!-- This site is optimized with the Yoast SEO plugin v27.2 - https:\/\/yoast.com\/product\/yoast-seo-wordpress\/ -->\n<title>Bijoux de sac acier inox personnalisable - bijoux lithoth\u00e9rapie et d\u00e9coration \u00e0 rumilly<\/title>\n<meta name=\"description\" content=\"Cocci vous pr\u00e9sente sa collection de bijoux, en perles naturelles fabriqu\u00e9s dans mon atelier entre Annecy Rumilly : Bijoux de sac acier inox personnalisable\" \/>\n<meta name=\"robots\" content=\"index, follow, max-snippet:-1, max-image-preview:large, max-video-preview:-1\" \/>\n<link rel=\"canonical\" href=\"https:\/\/www.creasdecocci.fr\/index.php\/produit\/bijoux-de-sac-acier-inox-personnalisable\/\" \/>\n<meta property=\"og:locale\" content=\"fr_FR\" \/>\n<meta property=\"og:type\" content=\"article\" \/>\n<meta property=\"og:title\" content=\"Bijoux de sac acier inox personnalisable - bijoux lithoth\u00e9rapie et d\u00e9coration \u00e0 rumilly\" \/>\n<meta property=\"og:description\" content=\"Cocci vous pr\u00e9sente sa collection de bijoux, en perles naturelles fabriqu\u00e9s dans mon atelier entre Annecy Rumilly : Bijoux de sac acier inox personnalisable\" \/>\n<meta property=\"og:url\" content=\"https:\/\/www.creasdecocci.fr\/index.php\/produit\/bijoux-de-sac-acier-inox-personnalisable\/\" \/>\n<meta property=\"og:site_name\" content=\"bijoux lithoth\u00e9rapie et d\u00e9coration \u00e0 rumilly\" \/>\n<meta property=\"article:modified_time\" content=\"2026-03-27T22:11:11+00:00\" \/>\n<meta property=\"og:image\" content=\"https:\/\/www.creasdecocci.fr\/wp-content\/uploads\/2026\/02\/BC58E4DC-5327-4A7C-91EC-69EEFB40F9DB.jpg\" \/>\n\t<meta property=\"og:image:width\" content=\"1536\" \/>\n\t<meta property=\"og:image:height\" content=\"1024\" \/>\n\t<meta property=\"og:image:type\" content=\"image\/jpeg\" \/>\n<meta name=\"twitter:card\" content=\"summary_large_image\" \/>\n<meta name=\"twitter:label1\" content=\"Dur\u00e9e de lecture estim\u00e9e\" \/>\n\t<meta name=\"twitter:data1\" content=\"1 minute\" \/>\n<script type=\"application\/ld+json\" class=\"yoast-schema-graph\">{\"@context\":\"https:\/\/schema.org\",\"@graph\":[{\"@type\":\"WebPage\",\"@id\":\"https:\/\/www.creasdecocci.fr\/index.php\/produit\/bijoux-de-sac-acier-inox-personnalisable\/\",\"url\":\"https:\/\/www.creasdecocci.fr\/index.php\/produit\/bijoux-de-sac-acier-inox-personnalisable\/\",\"name\":\"Bijoux de sac acier inox personnalisable - bijoux lithoth\u00e9rapie et d\u00e9coration \u00e0 rumilly\",\"isPartOf\":{\"@id\":\"https:\/\/www.creasdecocci.fr\/#website\"},\"primaryImageOfPage\":{\"@id\":\"https:\/\/www.creasdecocci.fr\/index.php\/produit\/bijoux-de-sac-acier-inox-personnalisable\/#primaryimage\"},\"image\":{\"@id\":\"https:\/\/www.creasdecocci.fr\/index.php\/produit\/bijoux-de-sac-acier-inox-personnalisable\/#primaryimage\"},\"thumbnailUrl\":\"https:\/\/www.creasdecocci.fr\/wp-content\/uploads\/2026\/02\/BC58E4DC-5327-4A7C-91EC-69EEFB40F9DB.jpg\",\"datePublished\":\"2026-02-19T17:57:24+00:00\",\"dateModified\":\"2026-03-27T22:11:11+00:00\",\"description\":\"Cocci vous pr\u00e9sente sa collection de bijoux, en perles naturelles fabriqu\u00e9s dans mon atelier entre Annecy Rumilly : Bijoux de sac acier inox personnalisable\",\"breadcrumb\":{\"@id\":\"https:\/\/www.creasdecocci.fr\/index.php\/produit\/bijoux-de-sac-acier-inox-personnalisable\/#breadcrumb\"},\"inLanguage\":\"fr-FR\",\"potentialAction\":[{\"@type\":\"ReadAction\",\"target\":[\"https:\/\/www.creasdecocci.fr\/index.php\/produit\/bijoux-de-sac-acier-inox-personnalisable\/\"]}]},{\"@type\":\"ImageObject\",\"inLanguage\":\"fr-FR\",\"@id\":\"https:\/\/www.creasdecocci.fr\/index.php\/produit\/bijoux-de-sac-acier-inox-personnalisable\/#primaryimage\",\"url\":\"https:\/\/www.creasdecocci.fr\/wp-content\/uploads\/2026\/02\/BC58E4DC-5327-4A7C-91EC-69EEFB40F9DB.jpg\",\"contentUrl\":\"https:\/\/www.creasdecocci.fr\/wp-content\/uploads\/2026\/02\/BC58E4DC-5327-4A7C-91EC-69EEFB40F9DB.jpg\",\"width\":1536,\"height\":1024,\"caption\":\"bijoux de sac acier inox\"},{\"@type\":\"BreadcrumbList\",\"@id\":\"https:\/\/www.creasdecocci.fr\/index.php\/produit\/bijoux-de-sac-acier-inox-personnalisable\/#breadcrumb\",\"itemListElement\":[{\"@type\":\"ListItem\",\"position\":1,\"name\":\"Accueil\",\"item\":\"https:\/\/www.creasdecocci.fr\/\"},{\"@type\":\"ListItem\",\"position\":2,\"name\":\"Produits\",\"item\":\"https:\/\/www.creasdecocci.fr\/index.php\/shop\/\"},{\"@type\":\"ListItem\",\"position\":3,\"name\":\"Bijoux de sac acier inox personnalisable\"}]},{\"@type\":\"WebSite\",\"@id\":\"https:\/\/www.creasdecocci.fr\/#website\",\"url\":\"https:\/\/www.creasdecocci.fr\/\",\"name\":\"bijoux lithoth\u00e9rapie et d\u00e9coration \u00e0 rumilly\",\"description\":\"\",\"publisher\":{\"@id\":\"https:\/\/www.creasdecocci.fr\/#organization\"},\"potentialAction\":[{\"@type\":\"SearchAction\",\"target\":{\"@type\":\"EntryPoint\",\"urlTemplate\":\"https:\/\/www.creasdecocci.fr\/?s={search_term_string}\"},\"query-input\":{\"@type\":\"PropertyValueSpecification\",\"valueRequired\":true,\"valueName\":\"search_term_string\"}}],\"inLanguage\":\"fr-FR\"},{\"@type\":\"Organization\",\"@id\":\"https:\/\/www.creasdecocci.fr\/#organization\",\"name\":\"bijoux lithoth\u00e9rapie et d\u00e9coration \u00e0 rumilly\",\"url\":\"https:\/\/www.creasdecocci.fr\/\",\"logo\":{\"@type\":\"ImageObject\",\"inLanguage\":\"fr-FR\",\"@id\":\"https:\/\/www.creasdecocci.fr\/#\/schema\/logo\/image\/\",\"url\":\"https:\/\/www.creasdecocci.fr\/wp-content\/uploads\/2021\/12\/logo_creas_cocci.png\",\"contentUrl\":\"https:\/\/www.creasdecocci.fr\/wp-content\/uploads\/2021\/12\/logo_creas_cocci.png\",\"width\":2212,\"height\":1060,\"caption\":\"bijoux lithoth\u00e9rapie et d\u00e9coration \u00e0 rumilly\"},\"image\":{\"@id\":\"https:\/\/www.creasdecocci.fr\/#\/schema\/logo\/image\/\"}}]}<\/script>\n<!-- \/ Yoast SEO plugin. -->","yoast_head_json":{"title":"Bijoux de sac acier inox personnalisable - bijoux lithoth\u00e9rapie et d\u00e9coration \u00e0 rumilly","description":"Cocci vous pr\u00e9sente sa collection de bijoux, en perles naturelles fabriqu\u00e9s dans mon atelier entre Annecy Rumilly : Bijoux de sac acier inox personnalisable","robots":{"index":"index","follow":"follow","max-snippet":"max-snippet:-1","max-image-preview":"max-image-preview:large","max-video-preview":"max-video-preview:-1"},"canonical":"https:\/\/www.creasdecocci.fr\/index.php\/produit\/bijoux-de-sac-acier-inox-personnalisable\/","og_locale":"fr_FR","og_type":"article","og_title":"Bijoux de sac acier inox personnalisable - bijoux lithoth\u00e9rapie et d\u00e9coration \u00e0 rumilly","og_description":"Cocci vous pr\u00e9sente sa collection de bijoux, en perles naturelles fabriqu\u00e9s dans mon atelier entre Annecy Rumilly : Bijoux de sac acier inox personnalisable","og_url":"https:\/\/www.creasdecocci.fr\/index.php\/produit\/bijoux-de-sac-acier-inox-personnalisable\/","og_site_name":"bijoux lithoth\u00e9rapie et d\u00e9coration \u00e0 rumilly","article_modified_time":"2026-03-27T22:11:11+00:00","og_image":[{"width":1536,"height":1024,"url":"https:\/\/www.creasdecocci.fr\/wp-content\/uploads\/2026\/02\/BC58E4DC-5327-4A7C-91EC-69EEFB40F9DB.jpg","type":"image\/jpeg"}],"twitter_card":"summary_large_image","twitter_misc":{"Dur\u00e9e de lecture estim\u00e9e":"1 minute"},"schema":{"@context":"https:\/\/schema.org","@graph":[{"@type":"WebPage","@id":"https:\/\/www.creasdecocci.fr\/index.php\/produit\/bijoux-de-sac-acier-inox-personnalisable\/","url":"https:\/\/www.creasdecocci.fr\/index.php\/produit\/bijoux-de-sac-acier-inox-personnalisable\/","name":"Bijoux de sac acier inox personnalisable - bijoux lithoth\u00e9rapie et d\u00e9coration \u00e0 rumilly","isPartOf":{"@id":"https:\/\/www.creasdecocci.fr\/#website"},"primaryImageOfPage":{"@id":"https:\/\/www.creasdecocci.fr\/index.php\/produit\/bijoux-de-sac-acier-inox-personnalisable\/#primaryimage"},"image":{"@id":"https:\/\/www.creasdecocci.fr\/index.php\/produit\/bijoux-de-sac-acier-inox-personnalisable\/#primaryimage"},"thumbnailUrl":"https:\/\/www.creasdecocci.fr\/wp-content\/uploads\/2026\/02\/BC58E4DC-5327-4A7C-91EC-69EEFB40F9DB.jpg","datePublished":"2026-02-19T17:57:24+00:00","dateModified":"2026-03-27T22:11:11+00:00","description":"Cocci vous pr\u00e9sente sa collection de bijoux, en perles naturelles fabriqu\u00e9s dans mon atelier entre Annecy Rumilly : Bijoux de sac acier inox personnalisable","breadcrumb":{"@id":"https:\/\/www.creasdecocci.fr\/index.php\/produit\/bijoux-de-sac-acier-inox-personnalisable\/#breadcrumb"},"inLanguage":"fr-FR","potentialAction":[{"@type":"ReadAction","target":["https:\/\/www.creasdecocci.fr\/index.php\/produit\/bijoux-de-sac-acier-inox-personnalisable\/"]}]},{"@type":"ImageObject","inLanguage":"fr-FR","@id":"https:\/\/www.creasdecocci.fr\/index.php\/produit\/bijoux-de-sac-acier-inox-personnalisable\/#primaryimage","url":"https:\/\/www.creasdecocci.fr\/wp-content\/uploads\/2026\/02\/BC58E4DC-5327-4A7C-91EC-69EEFB40F9DB.jpg","contentUrl":"https:\/\/www.creasdecocci.fr\/wp-content\/uploads\/2026\/02\/BC58E4DC-5327-4A7C-91EC-69EEFB40F9DB.jpg","width":1536,"height":1024,"caption":"bijoux de sac acier inox"},{"@type":"BreadcrumbList","@id":"https:\/\/www.creasdecocci.fr\/index.php\/produit\/bijoux-de-sac-acier-inox-personnalisable\/#breadcrumb","itemListElement":[{"@type":"ListItem","position":1,"name":"Accueil","item":"https:\/\/www.creasdecocci.fr\/"},{"@type":"ListItem","position":2,"name":"Produits","item":"https:\/\/www.creasdecocci.fr\/index.php\/shop\/"},{"@type":"ListItem","position":3,"name":"Bijoux de sac acier inox personnalisable"}]},{"@type":"WebSite","@id":"https:\/\/www.creasdecocci.fr\/#website","url":"https:\/\/www.creasdecocci.fr\/","name":"bijoux lithoth\u00e9rapie et d\u00e9coration \u00e0 rumilly","description":"","publisher":{"@id":"https:\/\/www.creasdecocci.fr\/#organization"},"potentialAction":[{"@type":"SearchAction","target":{"@type":"EntryPoint","urlTemplate":"https:\/\/www.creasdecocci.fr\/?s={search_term_string}"},"query-input":{"@type":"PropertyValueSpecification","valueRequired":true,"valueName":"search_term_string"}}],"inLanguage":"fr-FR"},{"@type":"Organization","@id":"https:\/\/www.creasdecocci.fr\/#organization","name":"bijoux lithoth\u00e9rapie et d\u00e9coration \u00e0 rumilly","url":"https:\/\/www.creasdecocci.fr\/","logo":{"@type":"ImageObject","inLanguage":"fr-FR","@id":"https:\/\/www.creasdecocci.fr\/#\/schema\/logo\/image\/","url":"https:\/\/www.creasdecocci.fr\/wp-content\/uploads\/2021\/12\/logo_creas_cocci.png","contentUrl":"https:\/\/www.creasdecocci.fr\/wp-content\/uploads\/2021\/12\/logo_creas_cocci.png","width":2212,"height":1060,"caption":"bijoux lithoth\u00e9rapie et d\u00e9coration \u00e0 rumilly"},"image":{"@id":"https:\/\/www.creasdecocci.fr\/#\/schema\/logo\/image\/"}}]}},"jetpack_sharing_enabled":true,"_links":{"self":[{"href":"https:\/\/www.creasdecocci.fr\/index.php\/wp-json\/wp\/v2\/product\/10555","targetHints":{"allow":["GET"]}}],"collection":[{"href":"https:\/\/www.creasdecocci.fr\/index.php\/wp-json\/wp\/v2\/product"}],"about":[{"href":"https:\/\/www.creasdecocci.fr\/index.php\/wp-json\/wp\/v2\/types\/product"}],"version-history":[{"count":6,"href":"https:\/\/www.creasdecocci.fr\/index.php\/wp-json\/wp\/v2\/product\/10555\/revisions"}],"predecessor-version":[{"id":11521,"href":"https:\/\/www.creasdecocci.fr\/index.php\/wp-json\/wp\/v2\/product\/10555\/revisions\/11521"}],"wp:featuredmedia":[{"embeddable":true,"href":"https:\/\/www.creasdecocci.fr\/index.php\/wp-json\/wp\/v2\/media\/10388"}],"wp:attachment":[{"href":"https:\/\/www.creasdecocci.fr\/index.php\/wp-json\/wp\/v2\/media?parent=10555"}],"wp:term":[{"taxonomy":"product_brand","embeddable":true,"href":"https:\/\/www.creasdecocci.fr\/index.php\/wp-json\/wp\/v2\/product_brand?post=10555"},{"taxonomy":"product_cat","embeddable":true,"href":"https:\/\/www.creasdecocci.fr\/index.php\/wp-json\/wp\/v2\/product_cat?post=10555"},{"taxonomy":"product_tag","embeddable":true,"href":"https:\/\/www.creasdecocci.fr\/index.php\/wp-json\/wp\/v2\/product_tag?post=10555"}],"curies":[{"name":"wp","href":"https:\/\/api.w.org\/{rel}","templated":true}]}}