{"id":10824,"date":"2026-02-21T18:27:14","date_gmt":"2026-02-21T17:27:14","guid":{"rendered":"https:\/\/www.creasdecocci.fr\/?post_type=product&#038;p=10824"},"modified":"2026-03-18T18:18:10","modified_gmt":"2026-03-18T17:18:10","slug":"boucles-doreilles-chats","status":"publish","type":"product","link":"https:\/\/www.creasdecocci.fr\/index.php\/produit\/boucles-doreilles-chats\/","title":{"rendered":"Boucles d&rsquo;oreilles Chats"},"content":{"rendered":"<h2><strong style=\"font-size: 16px;\" data-start=\"141\" data-end=\"190\">Boucles d\u2019oreilles chat \u2013 Cr\u00e9ation artisanale<\/strong><\/h2>\n<div class=\"elementor elementor-10831\" data-elementor-type=\"wp-post\" data-elementor-id=\"10831\">\n<section class=\"elementor-section elementor-top-section elementor-element elementor-element-27f8d40 elementor-section-boxed elementor-section-height-default elementor-section-height-default\" data-id=\"27f8d40\" data-element_type=\"section\" data-e-type=\"section\">\n<div class=\"elementor-container elementor-column-gap-default\">\n<div class=\"elementor-column elementor-col-100 elementor-top-column elementor-element elementor-element-19168a4\" data-id=\"19168a4\" data-element_type=\"column\" data-e-type=\"column\">\n<div class=\"elementor-widget-wrap elementor-element-populated\">\n<div class=\"elementor-element elementor-element-90926c8 elementor-widget elementor-widget-text-editor\" data-id=\"90926c8\" data-element_type=\"widget\" data-e-type=\"widget\" data-widget_type=\"text-editor.default\">\n<div class=\"elementor-widget-container\">\n<p data-start=\"192\" data-end=\"352\">Laissez-vous s\u00e9duire par ces boucles d\u2019oreilles chat pleines de douceur et d\u2019originalit\u00e9, une cr\u00e9ation d\u00e9licate qui apportera une touche po\u00e9tique \u00e0 votre tenue.<\/p>\n<p data-start=\"354\" data-end=\"654\">Ces boucles mettent en sc\u00e8ne de jolis petits chats aux motifs noir et blanc, accompagn\u00e9s de perles naturelles qui ajoutent une note tendre et \u00e9l\u00e9gante. Leur design \u00e0 la fois ludique et raffin\u00e9 en fait un bijou id\u00e9al pour les amoureux des chats ou pour celles qui aiment les accessoires uniques.<\/p>\n<p data-start=\"656\" data-end=\"900\">L\u2019association des mati\u00e8res et des couleurs cr\u00e9e un \u00e9quilibre harmonieux entre fantaisie et \u00e9l\u00e9gance :<br \/>\n\u2022 un pendentif chat au style graphique noir et blanc<br data-start=\"810\" data-end=\"813\" \/>\u2022 une perle naturelle douce et lumineuse<br data-start=\"858\" data-end=\"861\" \/>\u2022 des attaches fines en argent<\/p>\n<p data-start=\"902\" data-end=\"1007\">Chaque paire est assembl\u00e9e avec soin, pour garantir un bijou l\u00e9ger, agr\u00e9able \u00e0 porter et plein de charme.<\/p>\n<p data-start=\"1012\" data-end=\"1249\"><strong data-start=\"1012\" data-end=\"1025\">D\u00e9tails :<\/strong><br data-start=\"1025\" data-end=\"1028\" \/>\u2022 Mod\u00e8le : Boucles d\u2019oreilles chat<br data-start=\"1062\" data-end=\"1065\" \/>\u2022 Mat\u00e9riaux : pierre naturelle (perle)<br data-start=\"1130\" data-end=\"1133\" \/>\u2022 Couleurs : Noir, blanc<br data-start=\"1165\" data-end=\"1168\" \/>\u2022 Attaches : Argent 925\u00a0<br data-start=\"1208\" data-end=\"1211\" \/>\u2022 Fabrication : Assemblage artisanal \u2013 fait main dans mon atelier<\/p>\n<p data-start=\"1254\" data-end=\"1432\"><strong data-start=\"1254\" data-end=\"1280\">Pourquoi on les aime :<\/strong><br data-start=\"1280\" data-end=\"1283\" \/>\u2022 Design original et attendrissant<br data-start=\"1317\" data-end=\"1320\" \/>\u2022 Bijoux l\u00e9gers et confortables<br data-start=\"1351\" data-end=\"1354\" \/>\u2022 Parfait pour les amoureux des chats<br data-start=\"1391\" data-end=\"1394\" \/>\u2022 Id\u00e9al pour un look doux<\/p>\n<p data-start=\"1437\" data-end=\"1579\">Une cr\u00e9ation id\u00e9ale pour apporter une touche de fantaisie \u00e9l\u00e9gante \u00e0 votre quotidien ou pour offrir un cadeau unique et plein de tendresse.<\/p>\n<\/div>\n<\/div>\n<\/div>\n<\/div>\n<\/div>\n<\/section>\n<\/div>\n","protected":false},"excerpt":{"rendered":"<p>Boucles d\u2019oreilles chat \u2013 Cr\u00e9ation artisanale Laissez-vous s\u00e9duire par ces boucles d\u2019oreilles chat pleines de douceur et d\u2019originalit\u00e9, une cr\u00e9ation d\u00e9licate qui apportera une touche po\u00e9tique \u00e0 votre tenue. Ces boucles mettent en sc\u00e8ne de jolis petits chats aux motifs noir et blanc, accompagn\u00e9s de perles naturelles qui ajoutent une note tendre et \u00e9l\u00e9gante. Leur design \u00e0 la fois ludique et raffin\u00e9 en fait un bijou id\u00e9al pour les amoureux des chats ou pour celles qui aiment les accessoires uniques. L\u2019association des mati\u00e8res et des couleurs cr\u00e9e un \u00e9quilibre harmonieux entre fantaisie et \u00e9l\u00e9gance : \u2022 un pendentif chat au style graphique noir et blanc\u2022 une perle naturelle douce et lumineuse\u2022 des attaches fines en argent Chaque paire est assembl\u00e9e avec soin, pour garantir un bijou l\u00e9ger, agr\u00e9able \u00e0 porter et plein de charme. D\u00e9tails :\u2022 Mod\u00e8le : Boucles d\u2019oreilles chat\u2022 Mat\u00e9riaux : pierre naturelle (perle)\u2022 Couleurs : Noir, blanc\u2022 Attaches : Argent 925\u00a0\u2022 Fabrication : Assemblage artisanal \u2013 fait main dans mon atelier Pourquoi on les aime :\u2022 Design original et attendrissant\u2022 Bijoux l\u00e9gers et confortables\u2022 Parfait pour les amoureux des chats\u2022 Id\u00e9al pour un look doux Une cr\u00e9ation id\u00e9ale pour apporter une touche de fantaisie \u00e9l\u00e9gante \u00e0 votre quotidien ou pour offrir un cadeau unique et plein de tendresse.<\/p>\n","protected":false},"featured_media":10654,"template":"","meta":[],"product_brand":[],"product_cat":[23,360],"product_tag":[],"class_list":{"0":"post-10824","1":"product","2":"type-product","3":"status-publish","4":"has-post-thumbnail","6":"product_cat-bijoux","7":"product_cat-boucles-doreilles","8":"pa_perle-agate-arbre","9":"pa_perle-agate-botswana","10":"pa_perle-agate-de-feu","11":"pa_perle-aigue-marine","12":"pa_perle-amazonite","13":"pa_perle-amethyste","14":"pa_perle-angelite","15":"pa_perle-apatite","16":"pa_perle-aventurine","17":"pa_perle-bois-petrifie","18":"pa_perle-bronzite","19":"pa_perle-calcedoine","20":"pa_perle-chrysocolle","21":"pa_perle-citrine","22":"pa_perle-cornaline","23":"pa_perle-cristal-de-roche","24":"pa_perle-fluorine","25":"pa_perle-grenat","26":"pa_perle-hematite","27":"pa_perle-hessonite","28":"pa_perle-howlite","29":"pa_perle-jade","30":"pa_perle-jade-nephrite","31":"pa_perle-jaspe-dalmatien","32":"pa_perle-jaspe-paysage","33":"pa_perle-jaspe-rouge","34":"pa_perle-jaspe-sanguine","35":"pa_perle-kunzite","36":"pa_perle-labradorite","37":"pa_perle-lapis-lazuli","38":"pa_perle-lepidolite","39":"pa_perle-malachite","40":"pa_perle-mokaite","41":"pa_perle-nacre","42":"pa_perle-obsidienne","43":"pa_perle-obsidienne-neige","44":"pa_perle-oeil-de-faucon","45":"pa_perle-oeil-de-sainte-lucie","46":"pa_perle-oeil-de-taureau","47":"pa_perle-oeil-de-tigre","48":"pa_perle-onyx","49":"pa_perle-opale-verte","50":"pa_perle-pierre-de-lave","51":"pa_perle-pierre-de-lune","52":"pa_perle-pierre-de-soleil","53":"pa_perle-pyrite","54":"pa_perle-quartz-fraise","55":"pa_perle-quartz-fume","56":"pa_perle-quartz-rose","57":"pa_perle-rhodonite","58":"pa_perle-serpentine","59":"pa_perle-sodalite","60":"pa_perle-tourmaline-rose","61":"pa_perle-turquoise","62":"pa_perle-turquoise-afrique","63":"pa_perle-unakite","65":"first","66":"instock","67":"shipping-taxable","68":"purchasable","69":"product-type-variable"},"yoast_head":"<!-- This site is optimized with the Yoast SEO plugin v27.2 - https:\/\/yoast.com\/product\/yoast-seo-wordpress\/ -->\n<title>Boucles d&#039;oreilles Chats - bijoux lithoth\u00e9rapie et d\u00e9coration \u00e0 rumilly<\/title>\n<meta name=\"description\" content=\"Cocci vous pr\u00e9sente sa collection de bijoux orn\u00e9s de perles en pierre naturelle fabriqu\u00e9 dans son atelier pr\u00e8s de Rumilly : Boucles d&#039;oreilles Chat\" \/>\n<meta name=\"robots\" content=\"index, follow, max-snippet:-1, max-image-preview:large, max-video-preview:-1\" \/>\n<link rel=\"canonical\" href=\"https:\/\/www.creasdecocci.fr\/index.php\/produit\/boucles-doreilles-chats\/\" \/>\n<meta property=\"og:locale\" content=\"fr_FR\" \/>\n<meta property=\"og:type\" content=\"article\" \/>\n<meta property=\"og:title\" content=\"Boucles d&#039;oreilles Chats - bijoux lithoth\u00e9rapie et d\u00e9coration \u00e0 rumilly\" \/>\n<meta property=\"og:description\" content=\"Cocci vous pr\u00e9sente sa collection de bijoux orn\u00e9s de perles en pierre naturelle fabriqu\u00e9 dans son atelier pr\u00e8s de Rumilly : Boucles d&#039;oreilles Chat\" \/>\n<meta property=\"og:url\" content=\"https:\/\/www.creasdecocci.fr\/index.php\/produit\/boucles-doreilles-chats\/\" \/>\n<meta property=\"og:site_name\" content=\"bijoux lithoth\u00e9rapie et d\u00e9coration \u00e0 rumilly\" \/>\n<meta property=\"article:modified_time\" content=\"2026-03-18T17:18:10+00:00\" \/>\n<meta property=\"og:image\" content=\"https:\/\/www.creasdecocci.fr\/wp-content\/uploads\/2026\/02\/711F9B8E-44BC-4C3C-87CC-2F8793F614BA.png\" \/>\n\t<meta property=\"og:image:width\" content=\"1024\" \/>\n\t<meta property=\"og:image:height\" content=\"1536\" \/>\n\t<meta property=\"og:image:type\" content=\"image\/png\" \/>\n<meta name=\"twitter:card\" content=\"summary_large_image\" \/>\n<meta name=\"twitter:label1\" content=\"Dur\u00e9e de lecture estim\u00e9e\" \/>\n\t<meta name=\"twitter:data1\" content=\"1 minute\" \/>\n<script type=\"application\/ld+json\" class=\"yoast-schema-graph\">{\"@context\":\"https:\/\/schema.org\",\"@graph\":[{\"@type\":\"WebPage\",\"@id\":\"https:\/\/www.creasdecocci.fr\/index.php\/produit\/boucles-doreilles-chats\/\",\"url\":\"https:\/\/www.creasdecocci.fr\/index.php\/produit\/boucles-doreilles-chats\/\",\"name\":\"Boucles d'oreilles Chats - bijoux lithoth\u00e9rapie et d\u00e9coration \u00e0 rumilly\",\"isPartOf\":{\"@id\":\"https:\/\/www.creasdecocci.fr\/#website\"},\"primaryImageOfPage\":{\"@id\":\"https:\/\/www.creasdecocci.fr\/index.php\/produit\/boucles-doreilles-chats\/#primaryimage\"},\"image\":{\"@id\":\"https:\/\/www.creasdecocci.fr\/index.php\/produit\/boucles-doreilles-chats\/#primaryimage\"},\"thumbnailUrl\":\"https:\/\/www.creasdecocci.fr\/wp-content\/uploads\/2026\/02\/711F9B8E-44BC-4C3C-87CC-2F8793F614BA.png\",\"datePublished\":\"2026-02-21T17:27:14+00:00\",\"dateModified\":\"2026-03-18T17:18:10+00:00\",\"description\":\"Cocci vous pr\u00e9sente sa collection de bijoux orn\u00e9s de perles en pierre naturelle fabriqu\u00e9 dans son atelier pr\u00e8s de Rumilly : Boucles d'oreilles Chat\",\"breadcrumb\":{\"@id\":\"https:\/\/www.creasdecocci.fr\/index.php\/produit\/boucles-doreilles-chats\/#breadcrumb\"},\"inLanguage\":\"fr-FR\",\"potentialAction\":[{\"@type\":\"ReadAction\",\"target\":[\"https:\/\/www.creasdecocci.fr\/index.php\/produit\/boucles-doreilles-chats\/\"]}]},{\"@type\":\"ImageObject\",\"inLanguage\":\"fr-FR\",\"@id\":\"https:\/\/www.creasdecocci.fr\/index.php\/produit\/boucles-doreilles-chats\/#primaryimage\",\"url\":\"https:\/\/www.creasdecocci.fr\/wp-content\/uploads\/2026\/02\/711F9B8E-44BC-4C3C-87CC-2F8793F614BA.png\",\"contentUrl\":\"https:\/\/www.creasdecocci.fr\/wp-content\/uploads\/2026\/02\/711F9B8E-44BC-4C3C-87CC-2F8793F614BA.png\",\"width\":1024,\"height\":1536,\"caption\":\"Boucles Chats\"},{\"@type\":\"BreadcrumbList\",\"@id\":\"https:\/\/www.creasdecocci.fr\/index.php\/produit\/boucles-doreilles-chats\/#breadcrumb\",\"itemListElement\":[{\"@type\":\"ListItem\",\"position\":1,\"name\":\"Accueil\",\"item\":\"https:\/\/www.creasdecocci.fr\/\"},{\"@type\":\"ListItem\",\"position\":2,\"name\":\"Produits\",\"item\":\"https:\/\/www.creasdecocci.fr\/index.php\/shop\/\"},{\"@type\":\"ListItem\",\"position\":3,\"name\":\"Boucles d&rsquo;oreilles Chats\"}]},{\"@type\":\"WebSite\",\"@id\":\"https:\/\/www.creasdecocci.fr\/#website\",\"url\":\"https:\/\/www.creasdecocci.fr\/\",\"name\":\"bijoux lithoth\u00e9rapie et d\u00e9coration \u00e0 rumilly\",\"description\":\"\",\"publisher\":{\"@id\":\"https:\/\/www.creasdecocci.fr\/#organization\"},\"potentialAction\":[{\"@type\":\"SearchAction\",\"target\":{\"@type\":\"EntryPoint\",\"urlTemplate\":\"https:\/\/www.creasdecocci.fr\/?s={search_term_string}\"},\"query-input\":{\"@type\":\"PropertyValueSpecification\",\"valueRequired\":true,\"valueName\":\"search_term_string\"}}],\"inLanguage\":\"fr-FR\"},{\"@type\":\"Organization\",\"@id\":\"https:\/\/www.creasdecocci.fr\/#organization\",\"name\":\"bijoux lithoth\u00e9rapie et d\u00e9coration \u00e0 rumilly\",\"url\":\"https:\/\/www.creasdecocci.fr\/\",\"logo\":{\"@type\":\"ImageObject\",\"inLanguage\":\"fr-FR\",\"@id\":\"https:\/\/www.creasdecocci.fr\/#\/schema\/logo\/image\/\",\"url\":\"https:\/\/www.creasdecocci.fr\/wp-content\/uploads\/2021\/12\/logo_creas_cocci.png\",\"contentUrl\":\"https:\/\/www.creasdecocci.fr\/wp-content\/uploads\/2021\/12\/logo_creas_cocci.png\",\"width\":2212,\"height\":1060,\"caption\":\"bijoux lithoth\u00e9rapie et d\u00e9coration \u00e0 rumilly\"},\"image\":{\"@id\":\"https:\/\/www.creasdecocci.fr\/#\/schema\/logo\/image\/\"}}]}<\/script>\n<!-- \/ Yoast SEO plugin. -->","yoast_head_json":{"title":"Boucles d'oreilles Chats - bijoux lithoth\u00e9rapie et d\u00e9coration \u00e0 rumilly","description":"Cocci vous pr\u00e9sente sa collection de bijoux orn\u00e9s de perles en pierre naturelle fabriqu\u00e9 dans son atelier pr\u00e8s de Rumilly : Boucles d'oreilles Chat","robots":{"index":"index","follow":"follow","max-snippet":"max-snippet:-1","max-image-preview":"max-image-preview:large","max-video-preview":"max-video-preview:-1"},"canonical":"https:\/\/www.creasdecocci.fr\/index.php\/produit\/boucles-doreilles-chats\/","og_locale":"fr_FR","og_type":"article","og_title":"Boucles d'oreilles Chats - bijoux lithoth\u00e9rapie et d\u00e9coration \u00e0 rumilly","og_description":"Cocci vous pr\u00e9sente sa collection de bijoux orn\u00e9s de perles en pierre naturelle fabriqu\u00e9 dans son atelier pr\u00e8s de Rumilly : Boucles d'oreilles Chat","og_url":"https:\/\/www.creasdecocci.fr\/index.php\/produit\/boucles-doreilles-chats\/","og_site_name":"bijoux lithoth\u00e9rapie et d\u00e9coration \u00e0 rumilly","article_modified_time":"2026-03-18T17:18:10+00:00","og_image":[{"width":1024,"height":1536,"url":"https:\/\/www.creasdecocci.fr\/wp-content\/uploads\/2026\/02\/711F9B8E-44BC-4C3C-87CC-2F8793F614BA.png","type":"image\/png"}],"twitter_card":"summary_large_image","twitter_misc":{"Dur\u00e9e de lecture estim\u00e9e":"1 minute"},"schema":{"@context":"https:\/\/schema.org","@graph":[{"@type":"WebPage","@id":"https:\/\/www.creasdecocci.fr\/index.php\/produit\/boucles-doreilles-chats\/","url":"https:\/\/www.creasdecocci.fr\/index.php\/produit\/boucles-doreilles-chats\/","name":"Boucles d'oreilles Chats - bijoux lithoth\u00e9rapie et d\u00e9coration \u00e0 rumilly","isPartOf":{"@id":"https:\/\/www.creasdecocci.fr\/#website"},"primaryImageOfPage":{"@id":"https:\/\/www.creasdecocci.fr\/index.php\/produit\/boucles-doreilles-chats\/#primaryimage"},"image":{"@id":"https:\/\/www.creasdecocci.fr\/index.php\/produit\/boucles-doreilles-chats\/#primaryimage"},"thumbnailUrl":"https:\/\/www.creasdecocci.fr\/wp-content\/uploads\/2026\/02\/711F9B8E-44BC-4C3C-87CC-2F8793F614BA.png","datePublished":"2026-02-21T17:27:14+00:00","dateModified":"2026-03-18T17:18:10+00:00","description":"Cocci vous pr\u00e9sente sa collection de bijoux orn\u00e9s de perles en pierre naturelle fabriqu\u00e9 dans son atelier pr\u00e8s de Rumilly : Boucles d'oreilles Chat","breadcrumb":{"@id":"https:\/\/www.creasdecocci.fr\/index.php\/produit\/boucles-doreilles-chats\/#breadcrumb"},"inLanguage":"fr-FR","potentialAction":[{"@type":"ReadAction","target":["https:\/\/www.creasdecocci.fr\/index.php\/produit\/boucles-doreilles-chats\/"]}]},{"@type":"ImageObject","inLanguage":"fr-FR","@id":"https:\/\/www.creasdecocci.fr\/index.php\/produit\/boucles-doreilles-chats\/#primaryimage","url":"https:\/\/www.creasdecocci.fr\/wp-content\/uploads\/2026\/02\/711F9B8E-44BC-4C3C-87CC-2F8793F614BA.png","contentUrl":"https:\/\/www.creasdecocci.fr\/wp-content\/uploads\/2026\/02\/711F9B8E-44BC-4C3C-87CC-2F8793F614BA.png","width":1024,"height":1536,"caption":"Boucles Chats"},{"@type":"BreadcrumbList","@id":"https:\/\/www.creasdecocci.fr\/index.php\/produit\/boucles-doreilles-chats\/#breadcrumb","itemListElement":[{"@type":"ListItem","position":1,"name":"Accueil","item":"https:\/\/www.creasdecocci.fr\/"},{"@type":"ListItem","position":2,"name":"Produits","item":"https:\/\/www.creasdecocci.fr\/index.php\/shop\/"},{"@type":"ListItem","position":3,"name":"Boucles d&rsquo;oreilles Chats"}]},{"@type":"WebSite","@id":"https:\/\/www.creasdecocci.fr\/#website","url":"https:\/\/www.creasdecocci.fr\/","name":"bijoux lithoth\u00e9rapie et d\u00e9coration \u00e0 rumilly","description":"","publisher":{"@id":"https:\/\/www.creasdecocci.fr\/#organization"},"potentialAction":[{"@type":"SearchAction","target":{"@type":"EntryPoint","urlTemplate":"https:\/\/www.creasdecocci.fr\/?s={search_term_string}"},"query-input":{"@type":"PropertyValueSpecification","valueRequired":true,"valueName":"search_term_string"}}],"inLanguage":"fr-FR"},{"@type":"Organization","@id":"https:\/\/www.creasdecocci.fr\/#organization","name":"bijoux lithoth\u00e9rapie et d\u00e9coration \u00e0 rumilly","url":"https:\/\/www.creasdecocci.fr\/","logo":{"@type":"ImageObject","inLanguage":"fr-FR","@id":"https:\/\/www.creasdecocci.fr\/#\/schema\/logo\/image\/","url":"https:\/\/www.creasdecocci.fr\/wp-content\/uploads\/2021\/12\/logo_creas_cocci.png","contentUrl":"https:\/\/www.creasdecocci.fr\/wp-content\/uploads\/2021\/12\/logo_creas_cocci.png","width":2212,"height":1060,"caption":"bijoux lithoth\u00e9rapie et d\u00e9coration \u00e0 rumilly"},"image":{"@id":"https:\/\/www.creasdecocci.fr\/#\/schema\/logo\/image\/"}}]}},"jetpack_sharing_enabled":true,"_links":{"self":[{"href":"https:\/\/www.creasdecocci.fr\/index.php\/wp-json\/wp\/v2\/product\/10824","targetHints":{"allow":["GET"]}}],"collection":[{"href":"https:\/\/www.creasdecocci.fr\/index.php\/wp-json\/wp\/v2\/product"}],"about":[{"href":"https:\/\/www.creasdecocci.fr\/index.php\/wp-json\/wp\/v2\/types\/product"}],"version-history":[{"count":4,"href":"https:\/\/www.creasdecocci.fr\/index.php\/wp-json\/wp\/v2\/product\/10824\/revisions"}],"predecessor-version":[{"id":11309,"href":"https:\/\/www.creasdecocci.fr\/index.php\/wp-json\/wp\/v2\/product\/10824\/revisions\/11309"}],"wp:featuredmedia":[{"embeddable":true,"href":"https:\/\/www.creasdecocci.fr\/index.php\/wp-json\/wp\/v2\/media\/10654"}],"wp:attachment":[{"href":"https:\/\/www.creasdecocci.fr\/index.php\/wp-json\/wp\/v2\/media?parent=10824"}],"wp:term":[{"taxonomy":"product_brand","embeddable":true,"href":"https:\/\/www.creasdecocci.fr\/index.php\/wp-json\/wp\/v2\/product_brand?post=10824"},{"taxonomy":"product_cat","embeddable":true,"href":"https:\/\/www.creasdecocci.fr\/index.php\/wp-json\/wp\/v2\/product_cat?post=10824"},{"taxonomy":"product_tag","embeddable":true,"href":"https:\/\/www.creasdecocci.fr\/index.php\/wp-json\/wp\/v2\/product_tag?post=10824"}],"curies":[{"name":"wp","href":"https:\/\/api.w.org\/{rel}","templated":true}]}}