{"id":10853,"date":"2026-02-21T18:45:59","date_gmt":"2026-02-21T17:45:59","guid":{"rendered":"https:\/\/www.creasdecocci.fr\/?post_type=product&#038;p=10853"},"modified":"2026-02-25T12:45:33","modified_gmt":"2026-02-25T11:45:33","slug":"bracelet-l-alignee","status":"publish","type":"product","link":"https:\/\/www.creasdecocci.fr\/index.php\/produit\/bracelet-l-alignee\/","title":{"rendered":"Bracelet L&rsquo;Align\u00e9e"},"content":{"rendered":"<p><strong>Bracelet \u201cL\u2019Align\u00e9\u201d \u2013 \u00c9quilibre, clart\u00e9 et harmonie int\u00e9rieure<\/strong><\/p>\n<p>Le bracelet L\u2019Align\u00e9 a \u00e9t\u00e9 pens\u00e9 comme un compagnon de centrage et d\u2019harmonie int\u00e9rieure.<br \/>\nCompos\u00e9 de Howlite, unakite et apatite, il r\u00e9unit trois \u00e9nergies compl\u00e9mentaires pour accompagner celles qui souhaitent rester align\u00e9es entre leurs \u00e9motions, leurs pens\u00e9es et leur intuition.<\/p>\n<p>Ce trio min\u00e9ral agit comme un \u00e9quilibre subtil :<br \/>\n\u2013 la howlite favorise l\u2019harmonie int\u00e9rieure et l\u2019apaisement,<br \/>\n\u2013 l\u2019unakite soutient l\u2019\u00e9quilibre \u00e9motionnel et la stabilit\u00e9 du c\u0153ur,<br \/>\n\u2013 l\u2019apatite encourage la clart\u00e9 mentale, l\u2019\u00e9coute de soi et l\u2019expression juste.<\/p>\n<p>Un bracelet doux, rassurant, structurant, qui invite \u00e0 se recentrer, \u00e0 se reconnecter \u00e0 soi et \u00e0 avancer avec plus de s\u00e9r\u00e9nit\u00e9 dans ses choix.<\/p>\n<p>Chaque bracelet est accompagn\u00e9 de sa carte intention :<\/p>\n<p>Pour celles qui cherchent \u00e0 rester align\u00e9es entre \u00e9motions, pens\u00e9es et intuitions,<br \/>\nun trio d\u2019harmonie int\u00e9rieure, d\u2019\u00e9quilibre \u00e9motionnel et de centrage paisible.<br \/>\nJe suis centr\u00e9, je m\u2019\u00e9coute avec bienveillance, je choisis avec clart\u00e9.<\/p>\n<p>Cr\u00e9ation artisanale r\u00e9alis\u00e9e avec soin, dans une d\u00e9marche consciente et intuitive.<\/p>\n<p>&nbsp;<\/p>\n<p>Perles pierre naturelle 8 mm et rondelle en acier inoxydable.<\/p>\n<p>La taille correspond \u00e0 votre tour de poignet, Cocci rajoute ensuite 1cm de marge.<\/p>\n","protected":false},"excerpt":{"rendered":"<p>Bracelet \u201cL\u2019Align\u00e9\u201d \u2013 \u00c9quilibre, clart\u00e9 et harmonie int\u00e9rieure Le bracelet L\u2019Align\u00e9 a \u00e9t\u00e9 pens\u00e9 comme un compagnon de centrage et d\u2019harmonie int\u00e9rieure. Compos\u00e9 de Howlite, unakite et apatite, il r\u00e9unit trois \u00e9nergies compl\u00e9mentaires pour accompagner celles qui souhaitent rester align\u00e9es entre leurs \u00e9motions, leurs pens\u00e9es et leur intuition. Ce trio min\u00e9ral agit comme un \u00e9quilibre subtil : \u2013 la howlite favorise l\u2019harmonie int\u00e9rieure et l\u2019apaisement, \u2013 l\u2019unakite soutient l\u2019\u00e9quilibre \u00e9motionnel et la stabilit\u00e9 du c\u0153ur, \u2013 l\u2019apatite encourage la clart\u00e9 mentale, l\u2019\u00e9coute de soi et l\u2019expression juste. Un bracelet doux, rassurant, structurant, qui invite \u00e0 se recentrer, \u00e0 se reconnecter \u00e0 soi et \u00e0 avancer avec plus de s\u00e9r\u00e9nit\u00e9 dans ses choix. Chaque bracelet est accompagn\u00e9 de sa carte intention : Pour celles qui cherchent \u00e0 rester align\u00e9es entre \u00e9motions, pens\u00e9es et intuitions, un trio d\u2019harmonie int\u00e9rieure, d\u2019\u00e9quilibre \u00e9motionnel et de centrage paisible. Je suis centr\u00e9, je m\u2019\u00e9coute avec bienveillance, je choisis avec clart\u00e9. Cr\u00e9ation artisanale r\u00e9alis\u00e9e avec soin, dans une d\u00e9marche consciente et intuitive. &nbsp; Perles pierre naturelle 8 mm et rondelle en acier inoxydable. La taille correspond \u00e0 votre tour de poignet, Cocci rajoute ensuite 1cm de marge.<\/p>\n","protected":false},"featured_media":10691,"template":"","meta":[],"product_brand":[],"product_cat":[23,359,487],"product_tag":[557,350,299],"class_list":{"0":"post-10853","1":"product","2":"type-product","3":"status-publish","4":"has-post-thumbnail","6":"product_cat-bijoux","7":"product_cat-bracelet","8":"product_cat-bracelets-avec-intention","9":"product_tag-clarte","10":"product_tag-equilibre","11":"product_tag-harmonie","12":"pa_taille-poignet-14-cm","13":"pa_taille-poignet-15-cm","14":"pa_taille-poignet-16-cm","15":"pa_taille-poignet-17-cm","16":"pa_taille-poignet-18-cm","17":"pa_taille-poignet-19-cm","18":"pa_taille-poignet-20-cm","20":"first","21":"instock","22":"shipping-taxable","23":"purchasable","24":"product-type-variable"},"yoast_head":"<!-- This site is optimized with the Yoast SEO plugin v27.2 - https:\/\/yoast.com\/product\/yoast-seo-wordpress\/ -->\n<title>Bracelet L&#039;Align\u00e9e - bijoux lithoth\u00e9rapie et d\u00e9coration \u00e0 rumilly<\/title>\n<meta name=\"description\" content=\"Cocci vous pr\u00e9sente sa collection de bijoux lithoth\u00e9rapie, en perlesnaturelles, fabriqu\u00e9s dans mon atelier entre Annecy Rumilly : Bracelet l&#039;align\u00e9e\" \/>\n<meta name=\"robots\" content=\"index, follow, max-snippet:-1, max-image-preview:large, max-video-preview:-1\" \/>\n<link rel=\"canonical\" href=\"https:\/\/www.creasdecocci.fr\/index.php\/produit\/bracelet-l-alignee\/\" \/>\n<meta property=\"og:locale\" content=\"fr_FR\" \/>\n<meta property=\"og:type\" content=\"article\" \/>\n<meta property=\"og:title\" content=\"Bracelet L&#039;Align\u00e9e - bijoux lithoth\u00e9rapie et d\u00e9coration \u00e0 rumilly\" \/>\n<meta property=\"og:description\" content=\"Cocci vous pr\u00e9sente sa collection de bijoux lithoth\u00e9rapie, en perlesnaturelles, fabriqu\u00e9s dans mon atelier entre Annecy Rumilly : Bracelet l&#039;align\u00e9e\" \/>\n<meta property=\"og:url\" content=\"https:\/\/www.creasdecocci.fr\/index.php\/produit\/bracelet-l-alignee\/\" \/>\n<meta property=\"og:site_name\" content=\"bijoux lithoth\u00e9rapie et d\u00e9coration \u00e0 rumilly\" \/>\n<meta property=\"article:modified_time\" content=\"2026-02-25T11:45:33+00:00\" \/>\n<meta property=\"og:image\" content=\"https:\/\/www.creasdecocci.fr\/wp-content\/uploads\/2026\/02\/IMG_8231-Photoroom-scaled.jpg\" \/>\n\t<meta property=\"og:image:width\" content=\"1920\" \/>\n\t<meta property=\"og:image:height\" content=\"2560\" \/>\n\t<meta property=\"og:image:type\" content=\"image\/jpeg\" \/>\n<meta name=\"twitter:card\" content=\"summary_large_image\" \/>\n<meta name=\"twitter:label1\" content=\"Dur\u00e9e de lecture estim\u00e9e\" \/>\n\t<meta name=\"twitter:data1\" content=\"1 minute\" \/>\n<script type=\"application\/ld+json\" class=\"yoast-schema-graph\">{\"@context\":\"https:\/\/schema.org\",\"@graph\":[{\"@type\":\"WebPage\",\"@id\":\"https:\/\/www.creasdecocci.fr\/index.php\/produit\/bracelet-l-alignee\/\",\"url\":\"https:\/\/www.creasdecocci.fr\/index.php\/produit\/bracelet-l-alignee\/\",\"name\":\"Bracelet L'Align\u00e9e - bijoux lithoth\u00e9rapie et d\u00e9coration \u00e0 rumilly\",\"isPartOf\":{\"@id\":\"https:\/\/www.creasdecocci.fr\/#website\"},\"primaryImageOfPage\":{\"@id\":\"https:\/\/www.creasdecocci.fr\/index.php\/produit\/bracelet-l-alignee\/#primaryimage\"},\"image\":{\"@id\":\"https:\/\/www.creasdecocci.fr\/index.php\/produit\/bracelet-l-alignee\/#primaryimage\"},\"thumbnailUrl\":\"https:\/\/www.creasdecocci.fr\/wp-content\/uploads\/2026\/02\/IMG_8231-Photoroom-scaled.jpg\",\"datePublished\":\"2026-02-21T17:45:59+00:00\",\"dateModified\":\"2026-02-25T11:45:33+00:00\",\"description\":\"Cocci vous pr\u00e9sente sa collection de bijoux lithoth\u00e9rapie, en perlesnaturelles, fabriqu\u00e9s dans mon atelier entre Annecy Rumilly : Bracelet l'align\u00e9e\",\"breadcrumb\":{\"@id\":\"https:\/\/www.creasdecocci.fr\/index.php\/produit\/bracelet-l-alignee\/#breadcrumb\"},\"inLanguage\":\"fr-FR\",\"potentialAction\":[{\"@type\":\"ReadAction\",\"target\":[\"https:\/\/www.creasdecocci.fr\/index.php\/produit\/bracelet-l-alignee\/\"]}]},{\"@type\":\"ImageObject\",\"inLanguage\":\"fr-FR\",\"@id\":\"https:\/\/www.creasdecocci.fr\/index.php\/produit\/bracelet-l-alignee\/#primaryimage\",\"url\":\"https:\/\/www.creasdecocci.fr\/wp-content\/uploads\/2026\/02\/IMG_8231-Photoroom-scaled.jpg\",\"contentUrl\":\"https:\/\/www.creasdecocci.fr\/wp-content\/uploads\/2026\/02\/IMG_8231-Photoroom-scaled.jpg\",\"width\":1920,\"height\":2560,\"caption\":\"l'align\u00e9e\"},{\"@type\":\"BreadcrumbList\",\"@id\":\"https:\/\/www.creasdecocci.fr\/index.php\/produit\/bracelet-l-alignee\/#breadcrumb\",\"itemListElement\":[{\"@type\":\"ListItem\",\"position\":1,\"name\":\"Accueil\",\"item\":\"https:\/\/www.creasdecocci.fr\/\"},{\"@type\":\"ListItem\",\"position\":2,\"name\":\"Produits\",\"item\":\"https:\/\/www.creasdecocci.fr\/index.php\/shop\/\"},{\"@type\":\"ListItem\",\"position\":3,\"name\":\"Bracelet L&rsquo;Align\u00e9e\"}]},{\"@type\":\"WebSite\",\"@id\":\"https:\/\/www.creasdecocci.fr\/#website\",\"url\":\"https:\/\/www.creasdecocci.fr\/\",\"name\":\"bijoux lithoth\u00e9rapie et d\u00e9coration \u00e0 rumilly\",\"description\":\"\",\"publisher\":{\"@id\":\"https:\/\/www.creasdecocci.fr\/#organization\"},\"potentialAction\":[{\"@type\":\"SearchAction\",\"target\":{\"@type\":\"EntryPoint\",\"urlTemplate\":\"https:\/\/www.creasdecocci.fr\/?s={search_term_string}\"},\"query-input\":{\"@type\":\"PropertyValueSpecification\",\"valueRequired\":true,\"valueName\":\"search_term_string\"}}],\"inLanguage\":\"fr-FR\"},{\"@type\":\"Organization\",\"@id\":\"https:\/\/www.creasdecocci.fr\/#organization\",\"name\":\"bijoux lithoth\u00e9rapie et d\u00e9coration \u00e0 rumilly\",\"url\":\"https:\/\/www.creasdecocci.fr\/\",\"logo\":{\"@type\":\"ImageObject\",\"inLanguage\":\"fr-FR\",\"@id\":\"https:\/\/www.creasdecocci.fr\/#\/schema\/logo\/image\/\",\"url\":\"https:\/\/www.creasdecocci.fr\/wp-content\/uploads\/2021\/12\/logo_creas_cocci.png\",\"contentUrl\":\"https:\/\/www.creasdecocci.fr\/wp-content\/uploads\/2021\/12\/logo_creas_cocci.png\",\"width\":2212,\"height\":1060,\"caption\":\"bijoux lithoth\u00e9rapie et d\u00e9coration \u00e0 rumilly\"},\"image\":{\"@id\":\"https:\/\/www.creasdecocci.fr\/#\/schema\/logo\/image\/\"}}]}<\/script>\n<!-- \/ Yoast SEO plugin. -->","yoast_head_json":{"title":"Bracelet L'Align\u00e9e - bijoux lithoth\u00e9rapie et d\u00e9coration \u00e0 rumilly","description":"Cocci vous pr\u00e9sente sa collection de bijoux lithoth\u00e9rapie, en perlesnaturelles, fabriqu\u00e9s dans mon atelier entre Annecy Rumilly : Bracelet l'align\u00e9e","robots":{"index":"index","follow":"follow","max-snippet":"max-snippet:-1","max-image-preview":"max-image-preview:large","max-video-preview":"max-video-preview:-1"},"canonical":"https:\/\/www.creasdecocci.fr\/index.php\/produit\/bracelet-l-alignee\/","og_locale":"fr_FR","og_type":"article","og_title":"Bracelet L'Align\u00e9e - bijoux lithoth\u00e9rapie et d\u00e9coration \u00e0 rumilly","og_description":"Cocci vous pr\u00e9sente sa collection de bijoux lithoth\u00e9rapie, en perlesnaturelles, fabriqu\u00e9s dans mon atelier entre Annecy Rumilly : Bracelet l'align\u00e9e","og_url":"https:\/\/www.creasdecocci.fr\/index.php\/produit\/bracelet-l-alignee\/","og_site_name":"bijoux lithoth\u00e9rapie et d\u00e9coration \u00e0 rumilly","article_modified_time":"2026-02-25T11:45:33+00:00","og_image":[{"width":1920,"height":2560,"url":"https:\/\/www.creasdecocci.fr\/wp-content\/uploads\/2026\/02\/IMG_8231-Photoroom-scaled.jpg","type":"image\/jpeg"}],"twitter_card":"summary_large_image","twitter_misc":{"Dur\u00e9e de lecture estim\u00e9e":"1 minute"},"schema":{"@context":"https:\/\/schema.org","@graph":[{"@type":"WebPage","@id":"https:\/\/www.creasdecocci.fr\/index.php\/produit\/bracelet-l-alignee\/","url":"https:\/\/www.creasdecocci.fr\/index.php\/produit\/bracelet-l-alignee\/","name":"Bracelet L'Align\u00e9e - bijoux lithoth\u00e9rapie et d\u00e9coration \u00e0 rumilly","isPartOf":{"@id":"https:\/\/www.creasdecocci.fr\/#website"},"primaryImageOfPage":{"@id":"https:\/\/www.creasdecocci.fr\/index.php\/produit\/bracelet-l-alignee\/#primaryimage"},"image":{"@id":"https:\/\/www.creasdecocci.fr\/index.php\/produit\/bracelet-l-alignee\/#primaryimage"},"thumbnailUrl":"https:\/\/www.creasdecocci.fr\/wp-content\/uploads\/2026\/02\/IMG_8231-Photoroom-scaled.jpg","datePublished":"2026-02-21T17:45:59+00:00","dateModified":"2026-02-25T11:45:33+00:00","description":"Cocci vous pr\u00e9sente sa collection de bijoux lithoth\u00e9rapie, en perlesnaturelles, fabriqu\u00e9s dans mon atelier entre Annecy Rumilly : Bracelet l'align\u00e9e","breadcrumb":{"@id":"https:\/\/www.creasdecocci.fr\/index.php\/produit\/bracelet-l-alignee\/#breadcrumb"},"inLanguage":"fr-FR","potentialAction":[{"@type":"ReadAction","target":["https:\/\/www.creasdecocci.fr\/index.php\/produit\/bracelet-l-alignee\/"]}]},{"@type":"ImageObject","inLanguage":"fr-FR","@id":"https:\/\/www.creasdecocci.fr\/index.php\/produit\/bracelet-l-alignee\/#primaryimage","url":"https:\/\/www.creasdecocci.fr\/wp-content\/uploads\/2026\/02\/IMG_8231-Photoroom-scaled.jpg","contentUrl":"https:\/\/www.creasdecocci.fr\/wp-content\/uploads\/2026\/02\/IMG_8231-Photoroom-scaled.jpg","width":1920,"height":2560,"caption":"l'align\u00e9e"},{"@type":"BreadcrumbList","@id":"https:\/\/www.creasdecocci.fr\/index.php\/produit\/bracelet-l-alignee\/#breadcrumb","itemListElement":[{"@type":"ListItem","position":1,"name":"Accueil","item":"https:\/\/www.creasdecocci.fr\/"},{"@type":"ListItem","position":2,"name":"Produits","item":"https:\/\/www.creasdecocci.fr\/index.php\/shop\/"},{"@type":"ListItem","position":3,"name":"Bracelet L&rsquo;Align\u00e9e"}]},{"@type":"WebSite","@id":"https:\/\/www.creasdecocci.fr\/#website","url":"https:\/\/www.creasdecocci.fr\/","name":"bijoux lithoth\u00e9rapie et d\u00e9coration \u00e0 rumilly","description":"","publisher":{"@id":"https:\/\/www.creasdecocci.fr\/#organization"},"potentialAction":[{"@type":"SearchAction","target":{"@type":"EntryPoint","urlTemplate":"https:\/\/www.creasdecocci.fr\/?s={search_term_string}"},"query-input":{"@type":"PropertyValueSpecification","valueRequired":true,"valueName":"search_term_string"}}],"inLanguage":"fr-FR"},{"@type":"Organization","@id":"https:\/\/www.creasdecocci.fr\/#organization","name":"bijoux lithoth\u00e9rapie et d\u00e9coration \u00e0 rumilly","url":"https:\/\/www.creasdecocci.fr\/","logo":{"@type":"ImageObject","inLanguage":"fr-FR","@id":"https:\/\/www.creasdecocci.fr\/#\/schema\/logo\/image\/","url":"https:\/\/www.creasdecocci.fr\/wp-content\/uploads\/2021\/12\/logo_creas_cocci.png","contentUrl":"https:\/\/www.creasdecocci.fr\/wp-content\/uploads\/2021\/12\/logo_creas_cocci.png","width":2212,"height":1060,"caption":"bijoux lithoth\u00e9rapie et d\u00e9coration \u00e0 rumilly"},"image":{"@id":"https:\/\/www.creasdecocci.fr\/#\/schema\/logo\/image\/"}}]}},"jetpack_sharing_enabled":true,"_links":{"self":[{"href":"https:\/\/www.creasdecocci.fr\/index.php\/wp-json\/wp\/v2\/product\/10853","targetHints":{"allow":["GET"]}}],"collection":[{"href":"https:\/\/www.creasdecocci.fr\/index.php\/wp-json\/wp\/v2\/product"}],"about":[{"href":"https:\/\/www.creasdecocci.fr\/index.php\/wp-json\/wp\/v2\/types\/product"}],"version-history":[{"count":3,"href":"https:\/\/www.creasdecocci.fr\/index.php\/wp-json\/wp\/v2\/product\/10853\/revisions"}],"predecessor-version":[{"id":11102,"href":"https:\/\/www.creasdecocci.fr\/index.php\/wp-json\/wp\/v2\/product\/10853\/revisions\/11102"}],"wp:featuredmedia":[{"embeddable":true,"href":"https:\/\/www.creasdecocci.fr\/index.php\/wp-json\/wp\/v2\/media\/10691"}],"wp:attachment":[{"href":"https:\/\/www.creasdecocci.fr\/index.php\/wp-json\/wp\/v2\/media?parent=10853"}],"wp:term":[{"taxonomy":"product_brand","embeddable":true,"href":"https:\/\/www.creasdecocci.fr\/index.php\/wp-json\/wp\/v2\/product_brand?post=10853"},{"taxonomy":"product_cat","embeddable":true,"href":"https:\/\/www.creasdecocci.fr\/index.php\/wp-json\/wp\/v2\/product_cat?post=10853"},{"taxonomy":"product_tag","embeddable":true,"href":"https:\/\/www.creasdecocci.fr\/index.php\/wp-json\/wp\/v2\/product_tag?post=10853"}],"curies":[{"name":"wp","href":"https:\/\/api.w.org\/{rel}","templated":true}]}}