{"id":10919,"date":"2026-02-21T19:18:54","date_gmt":"2026-02-21T18:18:54","guid":{"rendered":"https:\/\/www.creasdecocci.fr\/?post_type=product&#038;p=10919"},"modified":"2026-02-23T09:36:22","modified_gmt":"2026-02-23T08:36:22","slug":"boule-mon-premier-noel","status":"publish","type":"product","link":"https:\/\/www.creasdecocci.fr\/index.php\/produit\/boule-mon-premier-noel\/","title":{"rendered":"Boule mon premier no\u00ebl"},"content":{"rendered":"<h3 data-start=\"600\" data-end=\"650\">Boule mon premier no\u00ebl \u2013 Renne en bois<\/h3>\n<p data-start=\"652\" data-end=\"934\">Ma boule mon premier no\u00ebl en forme de petit renne est une cr\u00e9ation artisanale en bois, pens\u00e9e pour c\u00e9l\u00e9brer les moments pr\u00e9cieux et les premiers souvenirs de famille.<br data-start=\"812\" data-end=\"815\" \/>Avec son design doux, ses bois rouges et son visage souriant, elle apporte une touche chaleureuse et f\u00e9erique au sapin.<\/p>\n<p data-start=\"936\" data-end=\"1182\">Elle est accompagn\u00e9e d\u2019une \u00e9toile grav\u00e9e, personnalisable avec le pr\u00e9nom de l\u2019enfant et l\u2019ann\u00e9e, pour en faire un souvenir unique et intemporel.<br data-start=\"1080\" data-end=\"1083\" \/>Id\u00e9ale pour un premier No\u00ebl, un cadeau de naissance, ou comme d\u00e9coration familiale charg\u00e9e de sens.<\/p>\n<p data-start=\"1184\" data-end=\"1424\">Chaque pi\u00e8ce est r\u00e9alis\u00e9e \u00e0 la main dans mon atelier, ce qui rend chaque cr\u00e9ation unique.<br data-start=\"1273\" data-end=\"1276\" \/>Le bois naturel, la gravure fine et les finitions soign\u00e9es garantissent un objet durable, fait pour traverser les ann\u00e9es et ressortir \u00e0 chaque No\u00ebl.<\/p>\n<p data-start=\"1426\" data-end=\"1636\"><strong data-start=\"1426\" data-end=\"1450\">Personnalisation :<\/strong> pr\u00e9nom + ann\u00e9e<\/p>\n<p data-start=\"1426\" data-end=\"1636\"><strong data-start=\"1468\" data-end=\"1487\">\u00a0Id\u00e9al pour :<\/strong> premier No\u00ebl, cadeau de naissance, souvenir de famille<\/p>\n<p data-start=\"1426\" data-end=\"1636\"><strong data-start=\"1545\" data-end=\"1561\">\u00a0Mati\u00e8re :<\/strong> contreplaqu\u00e9 de bouleau<\/p>\n<p data-start=\"1426\" data-end=\"1636\"><strong data-start=\"1577\" data-end=\"1597\">Fabrication :<\/strong> artisanale, fait main dans mon atelier<\/p>\n","protected":false},"excerpt":{"rendered":"<p>Boule mon premier no\u00ebl \u2013 Renne en bois Ma boule mon premier no\u00ebl en forme de petit renne est une cr\u00e9ation artisanale en bois, pens\u00e9e pour c\u00e9l\u00e9brer les moments pr\u00e9cieux et les premiers souvenirs de famille.Avec son design doux, ses bois rouges et son visage souriant, elle apporte une touche chaleureuse et f\u00e9erique au sapin. Elle est accompagn\u00e9e d\u2019une \u00e9toile grav\u00e9e, personnalisable avec le pr\u00e9nom de l\u2019enfant et l\u2019ann\u00e9e, pour en faire un souvenir unique et intemporel.Id\u00e9ale pour un premier No\u00ebl, un cadeau de naissance, ou comme d\u00e9coration familiale charg\u00e9e de sens. Chaque pi\u00e8ce est r\u00e9alis\u00e9e \u00e0 la main dans mon atelier, ce qui rend chaque cr\u00e9ation unique.Le bois naturel, la gravure fine et les finitions soign\u00e9es garantissent un objet durable, fait pour traverser les ann\u00e9es et ressortir \u00e0 chaque No\u00ebl. Personnalisation : pr\u00e9nom + ann\u00e9e \u00a0Id\u00e9al pour : premier No\u00ebl, cadeau de naissance, souvenir de famille \u00a0Mati\u00e8re : contreplaqu\u00e9 de bouleau Fabrication : artisanale, fait main dans mon atelier<\/p>\n","protected":false},"featured_media":10753,"template":"","meta":[],"product_brand":[],"product_cat":[500,601,604],"product_tag":[394,444],"class_list":{"0":"post-10919","1":"product","2":"type-product","3":"status-publish","4":"has-post-thumbnail","6":"product_cat-bois","7":"product_cat-enfants-naissances","8":"product_cat-noel","9":"product_tag-bois","10":"product_tag-noel","12":"first","13":"instock","14":"shipping-taxable","15":"purchasable","16":"product-type-simple"},"yoast_head":"<!-- This site is optimized with the Yoast SEO plugin v27.2 - https:\/\/yoast.com\/product\/yoast-seo-wordpress\/ -->\n<title>Boule mon premier no\u00ebl - bijoux lithoth\u00e9rapie et d\u00e9coration \u00e0 rumilly<\/title>\n<meta name=\"description\" content=\"d\u00e9couvrez la collection en bois r\u00e9alis\u00e9e dans mon atelier \u00e0 Marcellaz albanais entre Annecy et Rumilly : Boule mon premier no\u00ebl\" \/>\n<meta name=\"robots\" content=\"index, follow, max-snippet:-1, max-image-preview:large, max-video-preview:-1\" \/>\n<link rel=\"canonical\" href=\"https:\/\/www.creasdecocci.fr\/index.php\/produit\/boule-mon-premier-noel\/\" \/>\n<meta property=\"og:locale\" content=\"fr_FR\" \/>\n<meta property=\"og:type\" content=\"article\" \/>\n<meta property=\"og:title\" content=\"Boule mon premier no\u00ebl - bijoux lithoth\u00e9rapie et d\u00e9coration \u00e0 rumilly\" \/>\n<meta property=\"og:description\" content=\"d\u00e9couvrez la collection en bois r\u00e9alis\u00e9e dans mon atelier \u00e0 Marcellaz albanais entre Annecy et Rumilly : Boule mon premier no\u00ebl\" \/>\n<meta property=\"og:url\" content=\"https:\/\/www.creasdecocci.fr\/index.php\/produit\/boule-mon-premier-noel\/\" \/>\n<meta property=\"og:site_name\" content=\"bijoux lithoth\u00e9rapie et d\u00e9coration \u00e0 rumilly\" \/>\n<meta property=\"article:modified_time\" content=\"2026-02-23T08:36:22+00:00\" \/>\n<meta property=\"og:image\" content=\"https:\/\/www.creasdecocci.fr\/wp-content\/uploads\/2026\/02\/994D3C81-1509-49D6-9408-5E6A7F63F141-683x1024.png\" \/>\n\t<meta property=\"og:image:width\" content=\"683\" \/>\n\t<meta property=\"og:image:height\" content=\"1024\" \/>\n\t<meta property=\"og:image:type\" content=\"image\/png\" \/>\n<meta name=\"twitter:card\" content=\"summary_large_image\" \/>\n<meta name=\"twitter:label1\" content=\"Dur\u00e9e de lecture estim\u00e9e\" \/>\n\t<meta name=\"twitter:data1\" content=\"1 minute\" \/>\n<script type=\"application\/ld+json\" class=\"yoast-schema-graph\">{\"@context\":\"https:\/\/schema.org\",\"@graph\":[{\"@type\":\"WebPage\",\"@id\":\"https:\/\/www.creasdecocci.fr\/index.php\/produit\/boule-mon-premier-noel\/\",\"url\":\"https:\/\/www.creasdecocci.fr\/index.php\/produit\/boule-mon-premier-noel\/\",\"name\":\"Boule mon premier no\u00ebl - bijoux lithoth\u00e9rapie et d\u00e9coration \u00e0 rumilly\",\"isPartOf\":{\"@id\":\"https:\/\/www.creasdecocci.fr\/#website\"},\"primaryImageOfPage\":{\"@id\":\"https:\/\/www.creasdecocci.fr\/index.php\/produit\/boule-mon-premier-noel\/#primaryimage\"},\"image\":{\"@id\":\"https:\/\/www.creasdecocci.fr\/index.php\/produit\/boule-mon-premier-noel\/#primaryimage\"},\"thumbnailUrl\":\"https:\/\/www.creasdecocci.fr\/wp-content\/uploads\/2026\/02\/994D3C81-1509-49D6-9408-5E6A7F63F141.png\",\"datePublished\":\"2026-02-21T18:18:54+00:00\",\"dateModified\":\"2026-02-23T08:36:22+00:00\",\"description\":\"d\u00e9couvrez la collection en bois r\u00e9alis\u00e9e dans mon atelier \u00e0 Marcellaz albanais entre Annecy et Rumilly : Boule mon premier no\u00ebl\",\"breadcrumb\":{\"@id\":\"https:\/\/www.creasdecocci.fr\/index.php\/produit\/boule-mon-premier-noel\/#breadcrumb\"},\"inLanguage\":\"fr-FR\",\"potentialAction\":[{\"@type\":\"ReadAction\",\"target\":[\"https:\/\/www.creasdecocci.fr\/index.php\/produit\/boule-mon-premier-noel\/\"]}]},{\"@type\":\"ImageObject\",\"inLanguage\":\"fr-FR\",\"@id\":\"https:\/\/www.creasdecocci.fr\/index.php\/produit\/boule-mon-premier-noel\/#primaryimage\",\"url\":\"https:\/\/www.creasdecocci.fr\/wp-content\/uploads\/2026\/02\/994D3C81-1509-49D6-9408-5E6A7F63F141.png\",\"contentUrl\":\"https:\/\/www.creasdecocci.fr\/wp-content\/uploads\/2026\/02\/994D3C81-1509-49D6-9408-5E6A7F63F141.png\",\"width\":1024,\"height\":1536,\"caption\":\"mon premier no\u00ebl\"},{\"@type\":\"BreadcrumbList\",\"@id\":\"https:\/\/www.creasdecocci.fr\/index.php\/produit\/boule-mon-premier-noel\/#breadcrumb\",\"itemListElement\":[{\"@type\":\"ListItem\",\"position\":1,\"name\":\"Accueil\",\"item\":\"https:\/\/www.creasdecocci.fr\/\"},{\"@type\":\"ListItem\",\"position\":2,\"name\":\"Produits\",\"item\":\"https:\/\/www.creasdecocci.fr\/index.php\/shop\/\"},{\"@type\":\"ListItem\",\"position\":3,\"name\":\"Boule mon premier no\u00ebl\"}]},{\"@type\":\"WebSite\",\"@id\":\"https:\/\/www.creasdecocci.fr\/#website\",\"url\":\"https:\/\/www.creasdecocci.fr\/\",\"name\":\"bijoux lithoth\u00e9rapie et d\u00e9coration \u00e0 rumilly\",\"description\":\"\",\"publisher\":{\"@id\":\"https:\/\/www.creasdecocci.fr\/#organization\"},\"potentialAction\":[{\"@type\":\"SearchAction\",\"target\":{\"@type\":\"EntryPoint\",\"urlTemplate\":\"https:\/\/www.creasdecocci.fr\/?s={search_term_string}\"},\"query-input\":{\"@type\":\"PropertyValueSpecification\",\"valueRequired\":true,\"valueName\":\"search_term_string\"}}],\"inLanguage\":\"fr-FR\"},{\"@type\":\"Organization\",\"@id\":\"https:\/\/www.creasdecocci.fr\/#organization\",\"name\":\"bijoux lithoth\u00e9rapie et d\u00e9coration \u00e0 rumilly\",\"url\":\"https:\/\/www.creasdecocci.fr\/\",\"logo\":{\"@type\":\"ImageObject\",\"inLanguage\":\"fr-FR\",\"@id\":\"https:\/\/www.creasdecocci.fr\/#\/schema\/logo\/image\/\",\"url\":\"https:\/\/www.creasdecocci.fr\/wp-content\/uploads\/2021\/12\/logo_creas_cocci.png\",\"contentUrl\":\"https:\/\/www.creasdecocci.fr\/wp-content\/uploads\/2021\/12\/logo_creas_cocci.png\",\"width\":2212,\"height\":1060,\"caption\":\"bijoux lithoth\u00e9rapie et d\u00e9coration \u00e0 rumilly\"},\"image\":{\"@id\":\"https:\/\/www.creasdecocci.fr\/#\/schema\/logo\/image\/\"}}]}<\/script>\n<!-- \/ Yoast SEO plugin. -->","yoast_head_json":{"title":"Boule mon premier no\u00ebl - bijoux lithoth\u00e9rapie et d\u00e9coration \u00e0 rumilly","description":"d\u00e9couvrez la collection en bois r\u00e9alis\u00e9e dans mon atelier \u00e0 Marcellaz albanais entre Annecy et Rumilly : Boule mon premier no\u00ebl","robots":{"index":"index","follow":"follow","max-snippet":"max-snippet:-1","max-image-preview":"max-image-preview:large","max-video-preview":"max-video-preview:-1"},"canonical":"https:\/\/www.creasdecocci.fr\/index.php\/produit\/boule-mon-premier-noel\/","og_locale":"fr_FR","og_type":"article","og_title":"Boule mon premier no\u00ebl - bijoux lithoth\u00e9rapie et d\u00e9coration \u00e0 rumilly","og_description":"d\u00e9couvrez la collection en bois r\u00e9alis\u00e9e dans mon atelier \u00e0 Marcellaz albanais entre Annecy et Rumilly : Boule mon premier no\u00ebl","og_url":"https:\/\/www.creasdecocci.fr\/index.php\/produit\/boule-mon-premier-noel\/","og_site_name":"bijoux lithoth\u00e9rapie et d\u00e9coration \u00e0 rumilly","article_modified_time":"2026-02-23T08:36:22+00:00","og_image":[{"width":683,"height":1024,"url":"https:\/\/www.creasdecocci.fr\/wp-content\/uploads\/2026\/02\/994D3C81-1509-49D6-9408-5E6A7F63F141-683x1024.png","type":"image\/png"}],"twitter_card":"summary_large_image","twitter_misc":{"Dur\u00e9e de lecture estim\u00e9e":"1 minute"},"schema":{"@context":"https:\/\/schema.org","@graph":[{"@type":"WebPage","@id":"https:\/\/www.creasdecocci.fr\/index.php\/produit\/boule-mon-premier-noel\/","url":"https:\/\/www.creasdecocci.fr\/index.php\/produit\/boule-mon-premier-noel\/","name":"Boule mon premier no\u00ebl - bijoux lithoth\u00e9rapie et d\u00e9coration \u00e0 rumilly","isPartOf":{"@id":"https:\/\/www.creasdecocci.fr\/#website"},"primaryImageOfPage":{"@id":"https:\/\/www.creasdecocci.fr\/index.php\/produit\/boule-mon-premier-noel\/#primaryimage"},"image":{"@id":"https:\/\/www.creasdecocci.fr\/index.php\/produit\/boule-mon-premier-noel\/#primaryimage"},"thumbnailUrl":"https:\/\/www.creasdecocci.fr\/wp-content\/uploads\/2026\/02\/994D3C81-1509-49D6-9408-5E6A7F63F141.png","datePublished":"2026-02-21T18:18:54+00:00","dateModified":"2026-02-23T08:36:22+00:00","description":"d\u00e9couvrez la collection en bois r\u00e9alis\u00e9e dans mon atelier \u00e0 Marcellaz albanais entre Annecy et Rumilly : Boule mon premier no\u00ebl","breadcrumb":{"@id":"https:\/\/www.creasdecocci.fr\/index.php\/produit\/boule-mon-premier-noel\/#breadcrumb"},"inLanguage":"fr-FR","potentialAction":[{"@type":"ReadAction","target":["https:\/\/www.creasdecocci.fr\/index.php\/produit\/boule-mon-premier-noel\/"]}]},{"@type":"ImageObject","inLanguage":"fr-FR","@id":"https:\/\/www.creasdecocci.fr\/index.php\/produit\/boule-mon-premier-noel\/#primaryimage","url":"https:\/\/www.creasdecocci.fr\/wp-content\/uploads\/2026\/02\/994D3C81-1509-49D6-9408-5E6A7F63F141.png","contentUrl":"https:\/\/www.creasdecocci.fr\/wp-content\/uploads\/2026\/02\/994D3C81-1509-49D6-9408-5E6A7F63F141.png","width":1024,"height":1536,"caption":"mon premier no\u00ebl"},{"@type":"BreadcrumbList","@id":"https:\/\/www.creasdecocci.fr\/index.php\/produit\/boule-mon-premier-noel\/#breadcrumb","itemListElement":[{"@type":"ListItem","position":1,"name":"Accueil","item":"https:\/\/www.creasdecocci.fr\/"},{"@type":"ListItem","position":2,"name":"Produits","item":"https:\/\/www.creasdecocci.fr\/index.php\/shop\/"},{"@type":"ListItem","position":3,"name":"Boule mon premier no\u00ebl"}]},{"@type":"WebSite","@id":"https:\/\/www.creasdecocci.fr\/#website","url":"https:\/\/www.creasdecocci.fr\/","name":"bijoux lithoth\u00e9rapie et d\u00e9coration \u00e0 rumilly","description":"","publisher":{"@id":"https:\/\/www.creasdecocci.fr\/#organization"},"potentialAction":[{"@type":"SearchAction","target":{"@type":"EntryPoint","urlTemplate":"https:\/\/www.creasdecocci.fr\/?s={search_term_string}"},"query-input":{"@type":"PropertyValueSpecification","valueRequired":true,"valueName":"search_term_string"}}],"inLanguage":"fr-FR"},{"@type":"Organization","@id":"https:\/\/www.creasdecocci.fr\/#organization","name":"bijoux lithoth\u00e9rapie et d\u00e9coration \u00e0 rumilly","url":"https:\/\/www.creasdecocci.fr\/","logo":{"@type":"ImageObject","inLanguage":"fr-FR","@id":"https:\/\/www.creasdecocci.fr\/#\/schema\/logo\/image\/","url":"https:\/\/www.creasdecocci.fr\/wp-content\/uploads\/2021\/12\/logo_creas_cocci.png","contentUrl":"https:\/\/www.creasdecocci.fr\/wp-content\/uploads\/2021\/12\/logo_creas_cocci.png","width":2212,"height":1060,"caption":"bijoux lithoth\u00e9rapie et d\u00e9coration \u00e0 rumilly"},"image":{"@id":"https:\/\/www.creasdecocci.fr\/#\/schema\/logo\/image\/"}}]}},"jetpack_sharing_enabled":true,"_links":{"self":[{"href":"https:\/\/www.creasdecocci.fr\/index.php\/wp-json\/wp\/v2\/product\/10919","targetHints":{"allow":["GET"]}}],"collection":[{"href":"https:\/\/www.creasdecocci.fr\/index.php\/wp-json\/wp\/v2\/product"}],"about":[{"href":"https:\/\/www.creasdecocci.fr\/index.php\/wp-json\/wp\/v2\/types\/product"}],"version-history":[{"count":3,"href":"https:\/\/www.creasdecocci.fr\/index.php\/wp-json\/wp\/v2\/product\/10919\/revisions"}],"predecessor-version":[{"id":10966,"href":"https:\/\/www.creasdecocci.fr\/index.php\/wp-json\/wp\/v2\/product\/10919\/revisions\/10966"}],"wp:featuredmedia":[{"embeddable":true,"href":"https:\/\/www.creasdecocci.fr\/index.php\/wp-json\/wp\/v2\/media\/10753"}],"wp:attachment":[{"href":"https:\/\/www.creasdecocci.fr\/index.php\/wp-json\/wp\/v2\/media?parent=10919"}],"wp:term":[{"taxonomy":"product_brand","embeddable":true,"href":"https:\/\/www.creasdecocci.fr\/index.php\/wp-json\/wp\/v2\/product_brand?post=10919"},{"taxonomy":"product_cat","embeddable":true,"href":"https:\/\/www.creasdecocci.fr\/index.php\/wp-json\/wp\/v2\/product_cat?post=10919"},{"taxonomy":"product_tag","embeddable":true,"href":"https:\/\/www.creasdecocci.fr\/index.php\/wp-json\/wp\/v2\/product_tag?post=10919"}],"curies":[{"name":"wp","href":"https:\/\/api.w.org\/{rel}","templated":true}]}}