{"id":10927,"date":"2026-02-22T18:08:45","date_gmt":"2026-02-22T17:08:45","guid":{"rendered":"https:\/\/www.creasdecocci.fr\/?post_type=product&#038;p=10927"},"modified":"2026-02-24T10:08:41","modified_gmt":"2026-02-24T09:08:41","slug":"fleur-de-vie","status":"publish","type":"product","link":"https:\/\/www.creasdecocci.fr\/index.php\/produit\/fleur-de-vie\/","title":{"rendered":"Fleur de vie"},"content":{"rendered":"\t\t<div data-elementor-type=\"wp-post\" data-elementor-id=\"10927\" class=\"elementor elementor-10927\">\n\t\t\t\t\t\t<section class=\"elementor-section elementor-top-section elementor-element elementor-element-13d545fa elementor-section-boxed elementor-section-height-default elementor-section-height-default\" data-id=\"13d545fa\" data-element_type=\"section\" data-e-type=\"section\">\n\t\t\t\t\t\t<div class=\"elementor-container elementor-column-gap-default\">\n\t\t\t\t\t<div class=\"elementor-column elementor-col-100 elementor-top-column elementor-element elementor-element-4383aff3\" data-id=\"4383aff3\" data-element_type=\"column\" data-e-type=\"column\">\n\t\t\t<div class=\"elementor-widget-wrap elementor-element-populated\">\n\t\t\t\t\t\t<div class=\"elementor-element elementor-element-32c04d8d elementor-widget elementor-widget-text-editor\" data-id=\"32c04d8d\" data-element_type=\"widget\" data-e-type=\"widget\" data-widget_type=\"text-editor.default\">\n\t\t\t\t<div class=\"elementor-widget-container\">\n\t\t\t\t\t\t\t\t\t<div id=\"comp-lxfz2ad1\" class=\"ku3DBC zQ9jDz qvSjx3 Vq6kJx comp-lxfz2ad1 wixui-rich-text\" data-testid=\"richTextElement\"><h2 class=\"font_0 wixui-rich-text__text\"><span class=\"wixui-rich-text__text\">Fleur de vie &#8211; rechargement<\/span><\/h2><p>\u00a0<\/p><\/div><div id=\"comp-lxfz2ad51\" class=\"ku3DBC zQ9jDz qvSjx3 Vq6kJx comp-lxfz2ad51 wixui-rich-text\" data-testid=\"richTextElement\"><p class=\"font_7 wixui-rich-text__text\">La Fleur de Vie est un symbole g\u00e9om\u00e9trique sacr\u00e9 constitu\u00e9 de multiples cercles \u00e9gaux, superpos\u00e9s de mani\u00e8re \u00e0 former un motif de fleur sym\u00e9trique. La Fleur de vie est l\u2019embl\u00e8me du processus de renouvellement perp\u00e9tuel de la vie; son onde de forme dynamise votre eau et vos min\u00e9raux. On trouve ce symbole dans diverses cultures \u00e0 travers le monde, souvent associ\u00e9 \u00e0 des concepts spirituels et \u00e9sot\u00e9riques.<\/p><p class=\"font_7 wixui-rich-text__text\">Voici plusieurs fa\u00e7ons d&rsquo;utiliser la Fleur de Vie :<\/p><p class=\"font_7 wixui-rich-text__text\"><span class=\"wixGuard wixui-rich-text__text\">\u200b<\/span><\/p><p class=\"font_7 wixui-rich-text__text\">Placez des cristaux ou des pierres pr\u00e9cieuses sur une repr\u00e9sentation de la Fleur de Vie pour les recharger et amplifier leurs \u00e9nergies.<\/p><p class=\"font_7 wixui-rich-text__text\"><span class=\"wixGuard wixui-rich-text__text\">\u200b<\/span>Mettez un verre ou une bouteille d&rsquo;eau sur un sous-verre ou une plaque de la Fleur de Vie pour \u00ab\u00a0\u00e9nergiser\u00a0\u00bb l&rsquo;eau avant de la boire.<\/p><p>Mes fleurs de vie sont r\u00e9alis\u00e9es dans mon atelier \u00e0 Marcellaz albanais, elles mesurent 10 cm de diam\u00e8tre.<\/p><\/div>\t\t\t\t\t\t\t\t<\/div>\n\t\t\t\t<\/div>\n\t\t\t\t\t<\/div>\n\t\t<\/div>\n\t\t\t\t\t<\/div>\n\t\t<\/section>\n\t\t\t\t<\/div>\n\t\t","protected":false},"excerpt":{"rendered":"<p>Fleur de vie &#8211; rechargement \u00a0 La Fleur de Vie est un symbole g\u00e9om\u00e9trique sacr\u00e9 constitu\u00e9 de multiples cercles \u00e9gaux, superpos\u00e9s de mani\u00e8re \u00e0 former un motif de fleur sym\u00e9trique. La Fleur de vie est l\u2019embl\u00e8me du processus de renouvellement perp\u00e9tuel de la vie; son onde de forme dynamise votre eau et vos min\u00e9raux. On trouve ce symbole dans diverses cultures \u00e0 travers le monde, souvent associ\u00e9 \u00e0 des concepts spirituels et \u00e9sot\u00e9riques. Voici plusieurs fa\u00e7ons d&rsquo;utiliser la Fleur de Vie : \u200b Placez des cristaux ou des pierres pr\u00e9cieuses sur une repr\u00e9sentation de la Fleur de Vie pour les recharger et amplifier leurs \u00e9nergies. \u200bMettez un verre ou une bouteille d&rsquo;eau sur un sous-verre ou une plaque de la Fleur de Vie pour \u00ab\u00a0\u00e9nergiser\u00a0\u00bb l&rsquo;eau avant de la boire. Mes fleurs de vie sont r\u00e9alis\u00e9es dans mon atelier \u00e0 Marcellaz albanais, elles mesurent 10 cm de diam\u00e8tre.<\/p>\n","protected":false},"featured_media":10758,"template":"","meta":[],"product_brand":[],"product_cat":[607,612],"product_tag":[394,490],"class_list":{"0":"post-10927","1":"product","2":"type-product","3":"status-publish","4":"has-post-thumbnail","6":"product_cat-lithotherapie","7":"product_cat-rechargement-purification","8":"product_tag-bois","9":"product_tag-rechargement","11":"first","12":"instock","13":"shipping-taxable","14":"purchasable","15":"product-type-simple"},"yoast_head":"<!-- This site is optimized with the Yoast SEO plugin v27.2 - https:\/\/yoast.com\/product\/yoast-seo-wordpress\/ -->\n<title>Fleur de vie - bijoux lithoth\u00e9rapie et d\u00e9coration \u00e0 rumilly<\/title>\n<meta name=\"description\" content=\"D\u00e9couvrez ma fleur de vie, d\u00e9coup\u00e9e dans mon atelier \u00e0 Marcellaz Albanais. Id\u00e9ale pour recharger rapidement les min\u00e9raux, mais \u00e9galement l&#039;eau\" \/>\n<meta name=\"robots\" content=\"index, follow, max-snippet:-1, max-image-preview:large, max-video-preview:-1\" \/>\n<link rel=\"canonical\" href=\"https:\/\/www.creasdecocci.fr\/index.php\/produit\/fleur-de-vie\/\" \/>\n<meta property=\"og:locale\" content=\"fr_FR\" \/>\n<meta property=\"og:type\" content=\"article\" \/>\n<meta property=\"og:title\" content=\"Fleur de vie - bijoux lithoth\u00e9rapie et d\u00e9coration \u00e0 rumilly\" \/>\n<meta property=\"og:description\" content=\"D\u00e9couvrez ma fleur de vie, d\u00e9coup\u00e9e dans mon atelier \u00e0 Marcellaz Albanais. Id\u00e9ale pour recharger rapidement les min\u00e9raux, mais \u00e9galement l&#039;eau\" \/>\n<meta property=\"og:url\" content=\"https:\/\/www.creasdecocci.fr\/index.php\/produit\/fleur-de-vie\/\" \/>\n<meta property=\"og:site_name\" content=\"bijoux lithoth\u00e9rapie et d\u00e9coration \u00e0 rumilly\" \/>\n<meta property=\"article:modified_time\" content=\"2026-02-24T09:08:41+00:00\" \/>\n<meta property=\"og:image\" content=\"https:\/\/www.creasdecocci.fr\/wp-content\/uploads\/2026\/02\/Photoroom_20260220_183007-scaled.jpg\" \/>\n\t<meta property=\"og:image:width\" content=\"1920\" \/>\n\t<meta property=\"og:image:height\" content=\"2560\" \/>\n\t<meta property=\"og:image:type\" content=\"image\/jpeg\" \/>\n<meta name=\"twitter:card\" content=\"summary_large_image\" \/>\n<meta name=\"twitter:label1\" content=\"Dur\u00e9e de lecture estim\u00e9e\" \/>\n\t<meta name=\"twitter:data1\" content=\"1 minute\" \/>\n<script type=\"application\/ld+json\" class=\"yoast-schema-graph\">{\"@context\":\"https:\/\/schema.org\",\"@graph\":[{\"@type\":\"WebPage\",\"@id\":\"https:\/\/www.creasdecocci.fr\/index.php\/produit\/fleur-de-vie\/\",\"url\":\"https:\/\/www.creasdecocci.fr\/index.php\/produit\/fleur-de-vie\/\",\"name\":\"Fleur de vie - bijoux lithoth\u00e9rapie et d\u00e9coration \u00e0 rumilly\",\"isPartOf\":{\"@id\":\"https:\/\/www.creasdecocci.fr\/#website\"},\"primaryImageOfPage\":{\"@id\":\"https:\/\/www.creasdecocci.fr\/index.php\/produit\/fleur-de-vie\/#primaryimage\"},\"image\":{\"@id\":\"https:\/\/www.creasdecocci.fr\/index.php\/produit\/fleur-de-vie\/#primaryimage\"},\"thumbnailUrl\":\"https:\/\/www.creasdecocci.fr\/wp-content\/uploads\/2026\/02\/Photoroom_20260220_183007-scaled.jpg\",\"datePublished\":\"2026-02-22T17:08:45+00:00\",\"dateModified\":\"2026-02-24T09:08:41+00:00\",\"description\":\"D\u00e9couvrez ma fleur de vie, d\u00e9coup\u00e9e dans mon atelier \u00e0 Marcellaz Albanais. Id\u00e9ale pour recharger rapidement les min\u00e9raux, mais \u00e9galement l'eau\",\"breadcrumb\":{\"@id\":\"https:\/\/www.creasdecocci.fr\/index.php\/produit\/fleur-de-vie\/#breadcrumb\"},\"inLanguage\":\"fr-FR\",\"potentialAction\":[{\"@type\":\"ReadAction\",\"target\":[\"https:\/\/www.creasdecocci.fr\/index.php\/produit\/fleur-de-vie\/\"]}]},{\"@type\":\"ImageObject\",\"inLanguage\":\"fr-FR\",\"@id\":\"https:\/\/www.creasdecocci.fr\/index.php\/produit\/fleur-de-vie\/#primaryimage\",\"url\":\"https:\/\/www.creasdecocci.fr\/wp-content\/uploads\/2026\/02\/Photoroom_20260220_183007-scaled.jpg\",\"contentUrl\":\"https:\/\/www.creasdecocci.fr\/wp-content\/uploads\/2026\/02\/Photoroom_20260220_183007-scaled.jpg\",\"width\":1920,\"height\":2560,\"caption\":\"Fleur de vie\"},{\"@type\":\"BreadcrumbList\",\"@id\":\"https:\/\/www.creasdecocci.fr\/index.php\/produit\/fleur-de-vie\/#breadcrumb\",\"itemListElement\":[{\"@type\":\"ListItem\",\"position\":1,\"name\":\"Accueil\",\"item\":\"https:\/\/www.creasdecocci.fr\/\"},{\"@type\":\"ListItem\",\"position\":2,\"name\":\"Produits\",\"item\":\"https:\/\/www.creasdecocci.fr\/index.php\/shop\/\"},{\"@type\":\"ListItem\",\"position\":3,\"name\":\"Fleur de vie\"}]},{\"@type\":\"WebSite\",\"@id\":\"https:\/\/www.creasdecocci.fr\/#website\",\"url\":\"https:\/\/www.creasdecocci.fr\/\",\"name\":\"bijoux lithoth\u00e9rapie et d\u00e9coration \u00e0 rumilly\",\"description\":\"\",\"publisher\":{\"@id\":\"https:\/\/www.creasdecocci.fr\/#organization\"},\"potentialAction\":[{\"@type\":\"SearchAction\",\"target\":{\"@type\":\"EntryPoint\",\"urlTemplate\":\"https:\/\/www.creasdecocci.fr\/?s={search_term_string}\"},\"query-input\":{\"@type\":\"PropertyValueSpecification\",\"valueRequired\":true,\"valueName\":\"search_term_string\"}}],\"inLanguage\":\"fr-FR\"},{\"@type\":\"Organization\",\"@id\":\"https:\/\/www.creasdecocci.fr\/#organization\",\"name\":\"bijoux lithoth\u00e9rapie et d\u00e9coration \u00e0 rumilly\",\"url\":\"https:\/\/www.creasdecocci.fr\/\",\"logo\":{\"@type\":\"ImageObject\",\"inLanguage\":\"fr-FR\",\"@id\":\"https:\/\/www.creasdecocci.fr\/#\/schema\/logo\/image\/\",\"url\":\"https:\/\/www.creasdecocci.fr\/wp-content\/uploads\/2021\/12\/logo_creas_cocci.png\",\"contentUrl\":\"https:\/\/www.creasdecocci.fr\/wp-content\/uploads\/2021\/12\/logo_creas_cocci.png\",\"width\":2212,\"height\":1060,\"caption\":\"bijoux lithoth\u00e9rapie et d\u00e9coration \u00e0 rumilly\"},\"image\":{\"@id\":\"https:\/\/www.creasdecocci.fr\/#\/schema\/logo\/image\/\"}}]}<\/script>\n<!-- \/ Yoast SEO plugin. -->","yoast_head_json":{"title":"Fleur de vie - bijoux lithoth\u00e9rapie et d\u00e9coration \u00e0 rumilly","description":"D\u00e9couvrez ma fleur de vie, d\u00e9coup\u00e9e dans mon atelier \u00e0 Marcellaz Albanais. Id\u00e9ale pour recharger rapidement les min\u00e9raux, mais \u00e9galement l'eau","robots":{"index":"index","follow":"follow","max-snippet":"max-snippet:-1","max-image-preview":"max-image-preview:large","max-video-preview":"max-video-preview:-1"},"canonical":"https:\/\/www.creasdecocci.fr\/index.php\/produit\/fleur-de-vie\/","og_locale":"fr_FR","og_type":"article","og_title":"Fleur de vie - bijoux lithoth\u00e9rapie et d\u00e9coration \u00e0 rumilly","og_description":"D\u00e9couvrez ma fleur de vie, d\u00e9coup\u00e9e dans mon atelier \u00e0 Marcellaz Albanais. Id\u00e9ale pour recharger rapidement les min\u00e9raux, mais \u00e9galement l'eau","og_url":"https:\/\/www.creasdecocci.fr\/index.php\/produit\/fleur-de-vie\/","og_site_name":"bijoux lithoth\u00e9rapie et d\u00e9coration \u00e0 rumilly","article_modified_time":"2026-02-24T09:08:41+00:00","og_image":[{"width":1920,"height":2560,"url":"https:\/\/www.creasdecocci.fr\/wp-content\/uploads\/2026\/02\/Photoroom_20260220_183007-scaled.jpg","type":"image\/jpeg"}],"twitter_card":"summary_large_image","twitter_misc":{"Dur\u00e9e de lecture estim\u00e9e":"1 minute"},"schema":{"@context":"https:\/\/schema.org","@graph":[{"@type":"WebPage","@id":"https:\/\/www.creasdecocci.fr\/index.php\/produit\/fleur-de-vie\/","url":"https:\/\/www.creasdecocci.fr\/index.php\/produit\/fleur-de-vie\/","name":"Fleur de vie - bijoux lithoth\u00e9rapie et d\u00e9coration \u00e0 rumilly","isPartOf":{"@id":"https:\/\/www.creasdecocci.fr\/#website"},"primaryImageOfPage":{"@id":"https:\/\/www.creasdecocci.fr\/index.php\/produit\/fleur-de-vie\/#primaryimage"},"image":{"@id":"https:\/\/www.creasdecocci.fr\/index.php\/produit\/fleur-de-vie\/#primaryimage"},"thumbnailUrl":"https:\/\/www.creasdecocci.fr\/wp-content\/uploads\/2026\/02\/Photoroom_20260220_183007-scaled.jpg","datePublished":"2026-02-22T17:08:45+00:00","dateModified":"2026-02-24T09:08:41+00:00","description":"D\u00e9couvrez ma fleur de vie, d\u00e9coup\u00e9e dans mon atelier \u00e0 Marcellaz Albanais. Id\u00e9ale pour recharger rapidement les min\u00e9raux, mais \u00e9galement l'eau","breadcrumb":{"@id":"https:\/\/www.creasdecocci.fr\/index.php\/produit\/fleur-de-vie\/#breadcrumb"},"inLanguage":"fr-FR","potentialAction":[{"@type":"ReadAction","target":["https:\/\/www.creasdecocci.fr\/index.php\/produit\/fleur-de-vie\/"]}]},{"@type":"ImageObject","inLanguage":"fr-FR","@id":"https:\/\/www.creasdecocci.fr\/index.php\/produit\/fleur-de-vie\/#primaryimage","url":"https:\/\/www.creasdecocci.fr\/wp-content\/uploads\/2026\/02\/Photoroom_20260220_183007-scaled.jpg","contentUrl":"https:\/\/www.creasdecocci.fr\/wp-content\/uploads\/2026\/02\/Photoroom_20260220_183007-scaled.jpg","width":1920,"height":2560,"caption":"Fleur de vie"},{"@type":"BreadcrumbList","@id":"https:\/\/www.creasdecocci.fr\/index.php\/produit\/fleur-de-vie\/#breadcrumb","itemListElement":[{"@type":"ListItem","position":1,"name":"Accueil","item":"https:\/\/www.creasdecocci.fr\/"},{"@type":"ListItem","position":2,"name":"Produits","item":"https:\/\/www.creasdecocci.fr\/index.php\/shop\/"},{"@type":"ListItem","position":3,"name":"Fleur de vie"}]},{"@type":"WebSite","@id":"https:\/\/www.creasdecocci.fr\/#website","url":"https:\/\/www.creasdecocci.fr\/","name":"bijoux lithoth\u00e9rapie et d\u00e9coration \u00e0 rumilly","description":"","publisher":{"@id":"https:\/\/www.creasdecocci.fr\/#organization"},"potentialAction":[{"@type":"SearchAction","target":{"@type":"EntryPoint","urlTemplate":"https:\/\/www.creasdecocci.fr\/?s={search_term_string}"},"query-input":{"@type":"PropertyValueSpecification","valueRequired":true,"valueName":"search_term_string"}}],"inLanguage":"fr-FR"},{"@type":"Organization","@id":"https:\/\/www.creasdecocci.fr\/#organization","name":"bijoux lithoth\u00e9rapie et d\u00e9coration \u00e0 rumilly","url":"https:\/\/www.creasdecocci.fr\/","logo":{"@type":"ImageObject","inLanguage":"fr-FR","@id":"https:\/\/www.creasdecocci.fr\/#\/schema\/logo\/image\/","url":"https:\/\/www.creasdecocci.fr\/wp-content\/uploads\/2021\/12\/logo_creas_cocci.png","contentUrl":"https:\/\/www.creasdecocci.fr\/wp-content\/uploads\/2021\/12\/logo_creas_cocci.png","width":2212,"height":1060,"caption":"bijoux lithoth\u00e9rapie et d\u00e9coration \u00e0 rumilly"},"image":{"@id":"https:\/\/www.creasdecocci.fr\/#\/schema\/logo\/image\/"}}]}},"jetpack_sharing_enabled":true,"_links":{"self":[{"href":"https:\/\/www.creasdecocci.fr\/index.php\/wp-json\/wp\/v2\/product\/10927","targetHints":{"allow":["GET"]}}],"collection":[{"href":"https:\/\/www.creasdecocci.fr\/index.php\/wp-json\/wp\/v2\/product"}],"about":[{"href":"https:\/\/www.creasdecocci.fr\/index.php\/wp-json\/wp\/v2\/types\/product"}],"version-history":[{"count":9,"href":"https:\/\/www.creasdecocci.fr\/index.php\/wp-json\/wp\/v2\/product\/10927\/revisions"}],"predecessor-version":[{"id":11036,"href":"https:\/\/www.creasdecocci.fr\/index.php\/wp-json\/wp\/v2\/product\/10927\/revisions\/11036"}],"wp:featuredmedia":[{"embeddable":true,"href":"https:\/\/www.creasdecocci.fr\/index.php\/wp-json\/wp\/v2\/media\/10758"}],"wp:attachment":[{"href":"https:\/\/www.creasdecocci.fr\/index.php\/wp-json\/wp\/v2\/media?parent=10927"}],"wp:term":[{"taxonomy":"product_brand","embeddable":true,"href":"https:\/\/www.creasdecocci.fr\/index.php\/wp-json\/wp\/v2\/product_brand?post=10927"},{"taxonomy":"product_cat","embeddable":true,"href":"https:\/\/www.creasdecocci.fr\/index.php\/wp-json\/wp\/v2\/product_cat?post=10927"},{"taxonomy":"product_tag","embeddable":true,"href":"https:\/\/www.creasdecocci.fr\/index.php\/wp-json\/wp\/v2\/product_tag?post=10927"}],"curies":[{"name":"wp","href":"https:\/\/api.w.org\/{rel}","templated":true}]}}