{"id":9757,"date":"2026-02-15T12:12:24","date_gmt":"2026-02-15T11:12:24","guid":{"rendered":"https:\/\/www.creasdecocci.fr\/?post_type=product&#038;p=9757"},"modified":"2026-02-15T12:40:47","modified_gmt":"2026-02-15T11:40:47","slug":"bon-pour-un-attrape-soleil","status":"publish","type":"product","link":"https:\/\/www.creasdecocci.fr\/index.php\/produit\/bon-pour-un-attrape-soleil\/","title":{"rendered":"Bon pour un atelier attrape soleil"},"content":{"rendered":"<p data-path-to-node=\"4\">Envie de faire entrer la magie de la lumi\u00e8re chez vous ? Participez \u00e0 un atelier cr\u00e9atif et sensoriel pour confectionner votre propre <b data-path-to-node=\"4\" data-index-in-node=\"134\">attrape-soleil en cristaux<\/b>. Un objet po\u00e9tique qui diffuse des arcs-en-ciel et des bonnes ondes dans votre pi\u00e8ce.<\/p>\n<h3 data-path-to-node=\"5\">Pourquoi cr\u00e9er son attrape-soleil ?<\/h3>\n<p data-path-to-node=\"6\">Plus qu\u2019un simple objet de d\u00e9coration, l&rsquo;attrape-soleil capte les rayons du soleil pour les transformer en \u00e9clats de lumi\u00e8re. En y int\u00e9grant des <b data-path-to-node=\"6\" data-index-in-node=\"145\">pierres naturelles<\/b>, vous cr\u00e9ez un v\u00e9ritable harmonisateur d&rsquo;\u00e9nergie pour votre foyer.<\/p>\n<h3 data-path-to-node=\"7\">Au programme de cet instant lumineux :<\/h3>\n<ul data-path-to-node=\"8\">\n<li>\n<p data-path-to-node=\"8,0,0\"><b data-path-to-node=\"8,0,0\" data-index-in-node=\"0\">S\u00e9lection des cristaux :<\/b> Choix des pierres et des prismes en verre selon leurs reflets et leurs propri\u00e9t\u00e9s \u00e9nerg\u00e9tiques.<\/p>\n<\/li>\n<li>\n<p data-path-to-node=\"8,1,0\"><b data-path-to-node=\"8,1,0\" data-index-in-node=\"0\">Composition esth\u00e9tique :<\/b> Assemblage harmonieux des perles, des breloques et des \u00e9l\u00e9ments en m\u00e9tal.<\/p>\n<\/li>\n<li>\n<p data-path-to-node=\"8,2,0\"><b data-path-to-node=\"8,2,0\" data-index-in-node=\"0\">Technique de montage :<\/b> Apprentissage des gestes pour fixer et suspendre vos \u00e9l\u00e9ments avec finesse.<\/p>\n<\/li>\n<li>\n<p data-path-to-node=\"8,3,0\"><b data-path-to-node=\"8,3,0\" data-index-in-node=\"0\">Placement \u00e9nerg\u00e9tique :<\/b> Conseils pour choisir l&rsquo;endroit id\u00e9al chez vous afin de maximiser les reflets et l&rsquo;\u00e9nergie du cristal.<\/p>\n<\/li>\n<\/ul>\n<p data-path-to-node=\"9,0\"><b data-path-to-node=\"9,0\" data-index-in-node=\"0\">Le petit plus :<\/b> Un objet unique et fait main qui transformera chaque rayon de soleil en un spectacle enchanteur sur vos murs.<\/p>\n<hr data-path-to-node=\"10\" \/>\n<h3 data-path-to-node=\"11\">Informations Pratiques<\/h3>\n<ul data-path-to-node=\"12\">\n<li>\n<p data-path-to-node=\"12,0,0\"><b data-path-to-node=\"12,0,0\" data-index-in-node=\"2\">Dur\u00e9e :<\/b> 2 heure <strong>minimum<\/strong><\/p>\n<\/li>\n<li>\n<p data-path-to-node=\"12,1,0\"><b data-path-to-node=\"12,1,0\" data-index-in-node=\"3\">Disponibilit\u00e9 :<\/b> Uniquement sur <b data-path-to-node=\"12,1,0\" data-index-in-node=\"34\">rendez-vous<\/b><\/p>\n<\/li>\n<li>\n<p data-path-to-node=\"12,2,0\"><b data-path-to-node=\"12,2,0\" data-index-in-node=\"3\">Tarif :<\/b> 45\u20ac (mat\u00e9riel inclus)<\/p>\n<\/li>\n<\/ul>\n","protected":false},"excerpt":{"rendered":"<p>Envie de faire entrer la magie de la lumi\u00e8re chez vous ? Participez \u00e0 un atelier cr\u00e9atif et sensoriel pour confectionner votre propre attrape-soleil en cristaux. Un objet po\u00e9tique qui diffuse des arcs-en-ciel et des bonnes ondes dans votre pi\u00e8ce. Pourquoi cr\u00e9er son attrape-soleil ? Plus qu\u2019un simple objet de d\u00e9coration, l&rsquo;attrape-soleil capte les rayons du soleil pour les transformer en \u00e9clats de lumi\u00e8re. En y int\u00e9grant des pierres naturelles, vous cr\u00e9ez un v\u00e9ritable harmonisateur d&rsquo;\u00e9nergie pour votre foyer. Au programme de cet instant lumineux : S\u00e9lection des cristaux : Choix des pierres et des prismes en verre selon leurs reflets et leurs propri\u00e9t\u00e9s \u00e9nerg\u00e9tiques. Composition esth\u00e9tique : Assemblage harmonieux des perles, des breloques et des \u00e9l\u00e9ments en m\u00e9tal. Technique de montage : Apprentissage des gestes pour fixer et suspendre vos \u00e9l\u00e9ments avec finesse. Placement \u00e9nerg\u00e9tique : Conseils pour choisir l&rsquo;endroit id\u00e9al chez vous afin de maximiser les reflets et l&rsquo;\u00e9nergie du cristal. Le petit plus : Un objet unique et fait main qui transformera chaque rayon de soleil en un spectacle enchanteur sur vos murs. Informations Pratiques Dur\u00e9e : 2 heure minimum Disponibilit\u00e9 : Uniquement sur rendez-vous Tarif : 45\u20ac (mat\u00e9riel inclus)<\/p>\n","protected":false},"featured_media":9764,"template":"","meta":[],"product_brand":[],"product_cat":[494],"product_tag":[88,474,585],"class_list":{"0":"post-9757","1":"product","2":"type-product","3":"status-publish","4":"has-post-thumbnail","6":"product_cat-bon-cadeau","7":"product_tag-bijoux","8":"product_tag-carte-cadeau","9":"product_tag-lithoterapie","11":"first","12":"instock","13":"shipping-taxable","14":"purchasable","15":"product-type-simple"},"yoast_head":"<!-- This site is optimized with the Yoast SEO plugin v27.2 - https:\/\/yoast.com\/product\/yoast-seo-wordpress\/ -->\n<title>Bon pour un atelier attrape soleil - bijoux lithoth\u00e9rapie et d\u00e9coration \u00e0 rumilly<\/title>\n<meta name=\"robots\" content=\"index, follow, max-snippet:-1, max-image-preview:large, max-video-preview:-1\" \/>\n<link rel=\"canonical\" href=\"https:\/\/www.creasdecocci.fr\/index.php\/produit\/bon-pour-un-attrape-soleil\/\" \/>\n<meta property=\"og:locale\" content=\"fr_FR\" \/>\n<meta property=\"og:type\" content=\"article\" \/>\n<meta property=\"og:title\" content=\"Bon pour un atelier attrape soleil - bijoux lithoth\u00e9rapie et d\u00e9coration \u00e0 rumilly\" \/>\n<meta property=\"og:description\" content=\"Envie de faire entrer la magie de la lumi\u00e8re chez vous ? Participez \u00e0 un atelier cr\u00e9atif et sensoriel pour confectionner votre propre attrape-soleil en cristaux. Un objet po\u00e9tique qui diffuse des arcs-en-ciel et des bonnes ondes dans votre pi\u00e8ce. Pourquoi cr\u00e9er son attrape-soleil ? Plus qu\u2019un simple objet de d\u00e9coration, l&rsquo;attrape-soleil capte les rayons du soleil pour les transformer en \u00e9clats de lumi\u00e8re. En y int\u00e9grant des pierres naturelles, vous cr\u00e9ez un v\u00e9ritable harmonisateur d&rsquo;\u00e9nergie pour votre foyer. Au programme de cet instant lumineux : S\u00e9lection des cristaux : Choix des pierres et des prismes en verre selon leurs reflets et leurs propri\u00e9t\u00e9s \u00e9nerg\u00e9tiques. Composition esth\u00e9tique : Assemblage harmonieux des perles, des breloques et des \u00e9l\u00e9ments en m\u00e9tal. Technique de montage : Apprentissage des gestes pour fixer et suspendre vos \u00e9l\u00e9ments avec finesse. Placement \u00e9nerg\u00e9tique : Conseils pour choisir l&rsquo;endroit id\u00e9al chez vous afin de maximiser les reflets et l&rsquo;\u00e9nergie du cristal. Le petit plus : Un objet unique et fait main qui transformera chaque rayon de soleil en un spectacle enchanteur sur vos murs. Informations Pratiques Dur\u00e9e : 2 heure minimum Disponibilit\u00e9 : Uniquement sur rendez-vous Tarif : 45\u20ac (mat\u00e9riel inclus)\" \/>\n<meta property=\"og:url\" content=\"https:\/\/www.creasdecocci.fr\/index.php\/produit\/bon-pour-un-attrape-soleil\/\" \/>\n<meta property=\"og:site_name\" content=\"bijoux lithoth\u00e9rapie et d\u00e9coration \u00e0 rumilly\" \/>\n<meta property=\"article:modified_time\" content=\"2026-02-15T11:40:47+00:00\" \/>\n<meta property=\"og:image\" content=\"https:\/\/www.creasdecocci.fr\/wp-content\/uploads\/2026\/02\/attrape_soleil.png\" \/>\n\t<meta property=\"og:image:width\" content=\"853\" \/>\n\t<meta property=\"og:image:height\" content=\"1280\" \/>\n\t<meta property=\"og:image:type\" content=\"image\/png\" \/>\n<meta name=\"twitter:card\" content=\"summary_large_image\" \/>\n<meta name=\"twitter:label1\" content=\"Dur\u00e9e de lecture estim\u00e9e\" \/>\n\t<meta name=\"twitter:data1\" content=\"1 minute\" \/>\n<script type=\"application\/ld+json\" class=\"yoast-schema-graph\">{\"@context\":\"https:\/\/schema.org\",\"@graph\":[{\"@type\":\"WebPage\",\"@id\":\"https:\/\/www.creasdecocci.fr\/index.php\/produit\/bon-pour-un-attrape-soleil\/\",\"url\":\"https:\/\/www.creasdecocci.fr\/index.php\/produit\/bon-pour-un-attrape-soleil\/\",\"name\":\"Bon pour un atelier attrape soleil - bijoux lithoth\u00e9rapie et d\u00e9coration \u00e0 rumilly\",\"isPartOf\":{\"@id\":\"https:\/\/www.creasdecocci.fr\/#website\"},\"primaryImageOfPage\":{\"@id\":\"https:\/\/www.creasdecocci.fr\/index.php\/produit\/bon-pour-un-attrape-soleil\/#primaryimage\"},\"image\":{\"@id\":\"https:\/\/www.creasdecocci.fr\/index.php\/produit\/bon-pour-un-attrape-soleil\/#primaryimage\"},\"thumbnailUrl\":\"https:\/\/www.creasdecocci.fr\/wp-content\/uploads\/2026\/02\/attrape_soleil.png\",\"datePublished\":\"2026-02-15T11:12:24+00:00\",\"dateModified\":\"2026-02-15T11:40:47+00:00\",\"breadcrumb\":{\"@id\":\"https:\/\/www.creasdecocci.fr\/index.php\/produit\/bon-pour-un-attrape-soleil\/#breadcrumb\"},\"inLanguage\":\"fr-FR\",\"potentialAction\":[{\"@type\":\"ReadAction\",\"target\":[\"https:\/\/www.creasdecocci.fr\/index.php\/produit\/bon-pour-un-attrape-soleil\/\"]}]},{\"@type\":\"ImageObject\",\"inLanguage\":\"fr-FR\",\"@id\":\"https:\/\/www.creasdecocci.fr\/index.php\/produit\/bon-pour-un-attrape-soleil\/#primaryimage\",\"url\":\"https:\/\/www.creasdecocci.fr\/wp-content\/uploads\/2026\/02\/attrape_soleil.png\",\"contentUrl\":\"https:\/\/www.creasdecocci.fr\/wp-content\/uploads\/2026\/02\/attrape_soleil.png\",\"width\":853,\"height\":1280},{\"@type\":\"BreadcrumbList\",\"@id\":\"https:\/\/www.creasdecocci.fr\/index.php\/produit\/bon-pour-un-attrape-soleil\/#breadcrumb\",\"itemListElement\":[{\"@type\":\"ListItem\",\"position\":1,\"name\":\"Accueil\",\"item\":\"https:\/\/www.creasdecocci.fr\/\"},{\"@type\":\"ListItem\",\"position\":2,\"name\":\"Produits\",\"item\":\"https:\/\/www.creasdecocci.fr\/index.php\/shop\/\"},{\"@type\":\"ListItem\",\"position\":3,\"name\":\"Bon pour un atelier attrape soleil\"}]},{\"@type\":\"WebSite\",\"@id\":\"https:\/\/www.creasdecocci.fr\/#website\",\"url\":\"https:\/\/www.creasdecocci.fr\/\",\"name\":\"bijoux lithoth\u00e9rapie et d\u00e9coration \u00e0 rumilly\",\"description\":\"\",\"publisher\":{\"@id\":\"https:\/\/www.creasdecocci.fr\/#organization\"},\"potentialAction\":[{\"@type\":\"SearchAction\",\"target\":{\"@type\":\"EntryPoint\",\"urlTemplate\":\"https:\/\/www.creasdecocci.fr\/?s={search_term_string}\"},\"query-input\":{\"@type\":\"PropertyValueSpecification\",\"valueRequired\":true,\"valueName\":\"search_term_string\"}}],\"inLanguage\":\"fr-FR\"},{\"@type\":\"Organization\",\"@id\":\"https:\/\/www.creasdecocci.fr\/#organization\",\"name\":\"bijoux lithoth\u00e9rapie et d\u00e9coration \u00e0 rumilly\",\"url\":\"https:\/\/www.creasdecocci.fr\/\",\"logo\":{\"@type\":\"ImageObject\",\"inLanguage\":\"fr-FR\",\"@id\":\"https:\/\/www.creasdecocci.fr\/#\/schema\/logo\/image\/\",\"url\":\"https:\/\/www.creasdecocci.fr\/wp-content\/uploads\/2021\/12\/logo_creas_cocci.png\",\"contentUrl\":\"https:\/\/www.creasdecocci.fr\/wp-content\/uploads\/2021\/12\/logo_creas_cocci.png\",\"width\":2212,\"height\":1060,\"caption\":\"bijoux lithoth\u00e9rapie et d\u00e9coration \u00e0 rumilly\"},\"image\":{\"@id\":\"https:\/\/www.creasdecocci.fr\/#\/schema\/logo\/image\/\"}}]}<\/script>\n<!-- \/ Yoast SEO plugin. -->","yoast_head_json":{"title":"Bon pour un atelier attrape soleil - bijoux lithoth\u00e9rapie et d\u00e9coration \u00e0 rumilly","robots":{"index":"index","follow":"follow","max-snippet":"max-snippet:-1","max-image-preview":"max-image-preview:large","max-video-preview":"max-video-preview:-1"},"canonical":"https:\/\/www.creasdecocci.fr\/index.php\/produit\/bon-pour-un-attrape-soleil\/","og_locale":"fr_FR","og_type":"article","og_title":"Bon pour un atelier attrape soleil - bijoux lithoth\u00e9rapie et d\u00e9coration \u00e0 rumilly","og_description":"Envie de faire entrer la magie de la lumi\u00e8re chez vous ? Participez \u00e0 un atelier cr\u00e9atif et sensoriel pour confectionner votre propre attrape-soleil en cristaux. Un objet po\u00e9tique qui diffuse des arcs-en-ciel et des bonnes ondes dans votre pi\u00e8ce. Pourquoi cr\u00e9er son attrape-soleil ? Plus qu\u2019un simple objet de d\u00e9coration, l&rsquo;attrape-soleil capte les rayons du soleil pour les transformer en \u00e9clats de lumi\u00e8re. En y int\u00e9grant des pierres naturelles, vous cr\u00e9ez un v\u00e9ritable harmonisateur d&rsquo;\u00e9nergie pour votre foyer. Au programme de cet instant lumineux : S\u00e9lection des cristaux : Choix des pierres et des prismes en verre selon leurs reflets et leurs propri\u00e9t\u00e9s \u00e9nerg\u00e9tiques. Composition esth\u00e9tique : Assemblage harmonieux des perles, des breloques et des \u00e9l\u00e9ments en m\u00e9tal. Technique de montage : Apprentissage des gestes pour fixer et suspendre vos \u00e9l\u00e9ments avec finesse. Placement \u00e9nerg\u00e9tique : Conseils pour choisir l&rsquo;endroit id\u00e9al chez vous afin de maximiser les reflets et l&rsquo;\u00e9nergie du cristal. Le petit plus : Un objet unique et fait main qui transformera chaque rayon de soleil en un spectacle enchanteur sur vos murs. Informations Pratiques Dur\u00e9e : 2 heure minimum Disponibilit\u00e9 : Uniquement sur rendez-vous Tarif : 45\u20ac (mat\u00e9riel inclus)","og_url":"https:\/\/www.creasdecocci.fr\/index.php\/produit\/bon-pour-un-attrape-soleil\/","og_site_name":"bijoux lithoth\u00e9rapie et d\u00e9coration \u00e0 rumilly","article_modified_time":"2026-02-15T11:40:47+00:00","og_image":[{"width":853,"height":1280,"url":"https:\/\/www.creasdecocci.fr\/wp-content\/uploads\/2026\/02\/attrape_soleil.png","type":"image\/png"}],"twitter_card":"summary_large_image","twitter_misc":{"Dur\u00e9e de lecture estim\u00e9e":"1 minute"},"schema":{"@context":"https:\/\/schema.org","@graph":[{"@type":"WebPage","@id":"https:\/\/www.creasdecocci.fr\/index.php\/produit\/bon-pour-un-attrape-soleil\/","url":"https:\/\/www.creasdecocci.fr\/index.php\/produit\/bon-pour-un-attrape-soleil\/","name":"Bon pour un atelier attrape soleil - bijoux lithoth\u00e9rapie et d\u00e9coration \u00e0 rumilly","isPartOf":{"@id":"https:\/\/www.creasdecocci.fr\/#website"},"primaryImageOfPage":{"@id":"https:\/\/www.creasdecocci.fr\/index.php\/produit\/bon-pour-un-attrape-soleil\/#primaryimage"},"image":{"@id":"https:\/\/www.creasdecocci.fr\/index.php\/produit\/bon-pour-un-attrape-soleil\/#primaryimage"},"thumbnailUrl":"https:\/\/www.creasdecocci.fr\/wp-content\/uploads\/2026\/02\/attrape_soleil.png","datePublished":"2026-02-15T11:12:24+00:00","dateModified":"2026-02-15T11:40:47+00:00","breadcrumb":{"@id":"https:\/\/www.creasdecocci.fr\/index.php\/produit\/bon-pour-un-attrape-soleil\/#breadcrumb"},"inLanguage":"fr-FR","potentialAction":[{"@type":"ReadAction","target":["https:\/\/www.creasdecocci.fr\/index.php\/produit\/bon-pour-un-attrape-soleil\/"]}]},{"@type":"ImageObject","inLanguage":"fr-FR","@id":"https:\/\/www.creasdecocci.fr\/index.php\/produit\/bon-pour-un-attrape-soleil\/#primaryimage","url":"https:\/\/www.creasdecocci.fr\/wp-content\/uploads\/2026\/02\/attrape_soleil.png","contentUrl":"https:\/\/www.creasdecocci.fr\/wp-content\/uploads\/2026\/02\/attrape_soleil.png","width":853,"height":1280},{"@type":"BreadcrumbList","@id":"https:\/\/www.creasdecocci.fr\/index.php\/produit\/bon-pour-un-attrape-soleil\/#breadcrumb","itemListElement":[{"@type":"ListItem","position":1,"name":"Accueil","item":"https:\/\/www.creasdecocci.fr\/"},{"@type":"ListItem","position":2,"name":"Produits","item":"https:\/\/www.creasdecocci.fr\/index.php\/shop\/"},{"@type":"ListItem","position":3,"name":"Bon pour un atelier attrape soleil"}]},{"@type":"WebSite","@id":"https:\/\/www.creasdecocci.fr\/#website","url":"https:\/\/www.creasdecocci.fr\/","name":"bijoux lithoth\u00e9rapie et d\u00e9coration \u00e0 rumilly","description":"","publisher":{"@id":"https:\/\/www.creasdecocci.fr\/#organization"},"potentialAction":[{"@type":"SearchAction","target":{"@type":"EntryPoint","urlTemplate":"https:\/\/www.creasdecocci.fr\/?s={search_term_string}"},"query-input":{"@type":"PropertyValueSpecification","valueRequired":true,"valueName":"search_term_string"}}],"inLanguage":"fr-FR"},{"@type":"Organization","@id":"https:\/\/www.creasdecocci.fr\/#organization","name":"bijoux lithoth\u00e9rapie et d\u00e9coration \u00e0 rumilly","url":"https:\/\/www.creasdecocci.fr\/","logo":{"@type":"ImageObject","inLanguage":"fr-FR","@id":"https:\/\/www.creasdecocci.fr\/#\/schema\/logo\/image\/","url":"https:\/\/www.creasdecocci.fr\/wp-content\/uploads\/2021\/12\/logo_creas_cocci.png","contentUrl":"https:\/\/www.creasdecocci.fr\/wp-content\/uploads\/2021\/12\/logo_creas_cocci.png","width":2212,"height":1060,"caption":"bijoux lithoth\u00e9rapie et d\u00e9coration \u00e0 rumilly"},"image":{"@id":"https:\/\/www.creasdecocci.fr\/#\/schema\/logo\/image\/"}}]}},"jetpack_sharing_enabled":true,"_links":{"self":[{"href":"https:\/\/www.creasdecocci.fr\/index.php\/wp-json\/wp\/v2\/product\/9757","targetHints":{"allow":["GET"]}}],"collection":[{"href":"https:\/\/www.creasdecocci.fr\/index.php\/wp-json\/wp\/v2\/product"}],"about":[{"href":"https:\/\/www.creasdecocci.fr\/index.php\/wp-json\/wp\/v2\/types\/product"}],"version-history":[{"count":5,"href":"https:\/\/www.creasdecocci.fr\/index.php\/wp-json\/wp\/v2\/product\/9757\/revisions"}],"predecessor-version":[{"id":9770,"href":"https:\/\/www.creasdecocci.fr\/index.php\/wp-json\/wp\/v2\/product\/9757\/revisions\/9770"}],"wp:featuredmedia":[{"embeddable":true,"href":"https:\/\/www.creasdecocci.fr\/index.php\/wp-json\/wp\/v2\/media\/9764"}],"wp:attachment":[{"href":"https:\/\/www.creasdecocci.fr\/index.php\/wp-json\/wp\/v2\/media?parent=9757"}],"wp:term":[{"taxonomy":"product_brand","embeddable":true,"href":"https:\/\/www.creasdecocci.fr\/index.php\/wp-json\/wp\/v2\/product_brand?post=9757"},{"taxonomy":"product_cat","embeddable":true,"href":"https:\/\/www.creasdecocci.fr\/index.php\/wp-json\/wp\/v2\/product_cat?post=9757"},{"taxonomy":"product_tag","embeddable":true,"href":"https:\/\/www.creasdecocci.fr\/index.php\/wp-json\/wp\/v2\/product_tag?post=9757"}],"curies":[{"name":"wp","href":"https:\/\/api.w.org\/{rel}","templated":true}]}}